Last updated on 2022-08-15 08:50:05 CEST.
Flavor | Version | Tinstall | Tcheck | Ttotal | Status | Flags |
---|---|---|---|---|---|---|
r-devel-linux-x86_64-debian-clang | 1.4.4 | 17.08 | 152.74 | 169.82 | OK | |
r-devel-linux-x86_64-debian-gcc | 1.4.4 | 14.41 | 113.14 | 127.55 | OK | |
r-devel-linux-x86_64-fedora-clang | 1.4.4 | 209.53 | NOTE | |||
r-devel-linux-x86_64-fedora-gcc | 1.4.4 | 203.57 | OK | |||
r-devel-windows-x86_64 | 1.4.4 | 176.00 | 192.00 | 368.00 | OK | |
r-patched-linux-x86_64 | 1.4.4 | 18.01 | 143.90 | 161.91 | OK | |
r-release-linux-x86_64 | 1.4.4 | 15.32 | 141.30 | 156.62 | OK | |
r-release-macos-arm64 | 1.4.4 | 54.00 | OK | |||
r-release-macos-x86_64 | 1.4.4 | 78.00 | OK | |||
r-release-windows-x86_64 | 1.4.4 | 206.00 | 184.00 | 390.00 | OK | |
r-oldrel-macos-arm64 | 1.4.4 | 54.00 | OK | |||
r-oldrel-macos-x86_64 | 1.4.4 | 74.00 | OK | |||
r-oldrel-windows-ix86+x86_64 | 1.4.4 | 42.00 | 187.00 | 229.00 | OK |
Version: 1.4.4
Check: package dependencies
Result: NOTE
Imports includes 29 non-default packages.
Importing from so many packages makes the package vulnerable to any of
them becoming unavailable. Move as many as possible to Suggests and
use conditionally.
Flavor: r-devel-linux-x86_64-fedora-clang