Last updated on 2022-08-15 08:50:05 CEST.
Flavor | Version | Tinstall | Tcheck | Ttotal | Status | Flags |
---|---|---|---|---|---|---|
r-devel-linux-x86_64-debian-clang | 0.2.0 | 3.64 | 44.79 | 48.43 | OK | |
r-devel-linux-x86_64-debian-gcc | 0.2.0 | 2.06 | 31.61 | 33.67 | OK | |
r-devel-linux-x86_64-fedora-clang | 0.2.0 | 67.27 | NOTE | |||
r-devel-linux-x86_64-fedora-gcc | 0.2.0 | 61.59 | NOTE | |||
r-devel-windows-x86_64 | 0.2.0 | 7.00 | 71.00 | 78.00 | OK | |
r-patched-linux-x86_64 | 0.2.0 | 3.62 | 38.64 | 42.26 | OK | |
r-release-linux-x86_64 | 0.2.0 | 2.53 | 39.16 | 41.69 | OK | |
r-release-macos-arm64 | 0.2.0 | 20.00 | NOTE | |||
r-release-macos-x86_64 | 0.2.0 | 35.00 | NOTE | |||
r-release-windows-x86_64 | 0.2.0 | 13.00 | 70.00 | 83.00 | OK | |
r-oldrel-macos-arm64 | 0.2.0 | 29.00 | NOTE | |||
r-oldrel-macos-x86_64 | 0.2.0 | 36.00 | NOTE | |||
r-oldrel-windows-ix86+x86_64 | 0.2.0 | 10.00 | 59.00 | 69.00 | OK |
Version: 0.2.0
Check: data for non-ASCII characters
Result: NOTE
Note: found 3 marked UTF-8 strings
Flavors: r-devel-linux-x86_64-fedora-clang, r-devel-linux-x86_64-fedora-gcc, r-release-macos-arm64, r-release-macos-x86_64, r-oldrel-macos-arm64, r-oldrel-macos-x86_64