Last updated on 2022-08-15 08:50:05 CEST.
Flavor | Version | Tinstall | Tcheck | Ttotal | Status | Flags |
---|---|---|---|---|---|---|
r-devel-linux-x86_64-debian-clang | 2.2.6 | 62.79 | 301.77 | 364.56 | OK | |
r-devel-linux-x86_64-debian-gcc | 2.2.6 | 48.55 | 218.36 | 266.91 | OK | |
r-devel-linux-x86_64-fedora-clang | 2.2.6 | 454.25 | OK | |||
r-devel-linux-x86_64-fedora-gcc | 2.2.6 | 441.33 | OK | |||
r-devel-windows-x86_64 | 2.2.6 | 139.00 | 346.00 | 485.00 | OK | |
r-patched-linux-x86_64 | 2.2.6 | 65.43 | 280.13 | 345.56 | OK | |
r-release-linux-x86_64 | 2.2.6 | 45.62 | 276.57 | 322.19 | OK | |
r-release-macos-arm64 | 2.2.6 | 115.00 | NOTE | |||
r-release-macos-x86_64 | 2.2.6 | 157.00 | NOTE | |||
r-release-windows-x86_64 | 2.2.6 | 122.00 | 345.00 | 467.00 | OK | |
r-oldrel-macos-arm64 | 2.2.6 | 93.00 | NOTE | |||
r-oldrel-macos-x86_64 | 2.2.6 | 147.00 | NOTE | |||
r-oldrel-windows-ix86+x86_64 | 2.2.6 | 159.00 | 503.00 | 662.00 | OK |
Version: 2.2.6
Check: installed package size
Result: NOTE
installed size is 5.9Mb
sub-directories of 1Mb or more:
libs 4.7Mb
Flavors: r-release-macos-arm64, r-release-macos-x86_64, r-oldrel-macos-arm64, r-oldrel-macos-x86_64