Last updated on 2022-08-15 08:50:05 CEST.
Flavor | Version | Tinstall | Tcheck | Ttotal | Status | Flags |
---|---|---|---|---|---|---|
r-devel-linux-x86_64-debian-clang | 0.3.4 | 88.96 | 228.60 | 317.56 | OK | |
r-devel-linux-x86_64-debian-gcc | 0.3.4 | 73.00 | 165.31 | 238.31 | OK | |
r-devel-linux-x86_64-fedora-clang | 0.3.4 | 396.58 | NOTE | |||
r-devel-linux-x86_64-fedora-gcc | 0.3.4 | 389.35 | NOTE | |||
r-devel-windows-x86_64 | 0.3.4 | 180.00 | 264.00 | 444.00 | OK | |
r-patched-linux-x86_64 | 0.3.4 | 83.98 | 207.70 | 291.68 | OK | |
r-release-linux-x86_64 | 0.3.4 | 70.83 | 209.82 | 280.65 | OK | |
r-release-macos-arm64 | 0.3.4 | 97.00 | NOTE | |||
r-release-macos-x86_64 | 0.3.4 | 159.00 | NOTE | |||
r-release-windows-x86_64 | 0.3.4 | 114.00 | 256.00 | 370.00 | OK | |
r-oldrel-macos-arm64 | 0.3.4 | 133.00 | NOTE | |||
r-oldrel-macos-x86_64 | 0.3.4 | 181.00 | NOTE | |||
r-oldrel-windows-ix86+x86_64 | 0.3.4 | 189.00 | 350.00 | 539.00 | OK |
Version: 0.3.4
Check: dependencies in R code
Result: NOTE
Namespaces in Imports field not imported from:
‘Biobase’ ‘CGHbase’
All declared Imports should be used.
Flavors: r-devel-linux-x86_64-fedora-clang, r-devel-linux-x86_64-fedora-gcc, r-release-macos-arm64, r-release-macos-x86_64, r-oldrel-macos-arm64, r-oldrel-macos-x86_64
Version: 0.3.4
Check: Rd cross-references
Result: NOTE
Undeclared packages ‘longitudinal’, ‘gRbase’ in Rd xrefs
Flavor: r-devel-linux-x86_64-fedora-clang
Version: 0.3.4
Check: installed package size
Result: NOTE
installed size is 10.1Mb
sub-directories of 1Mb or more:
libs 9.5Mb
Flavors: r-release-macos-arm64, r-release-macos-x86_64, r-oldrel-macos-arm64, r-oldrel-macos-x86_64