Last updated on 2022-08-15 08:50:05 CEST.
Flavor | Version | Tinstall | Tcheck | Ttotal | Status | Flags |
---|---|---|---|---|---|---|
r-devel-linux-x86_64-debian-clang | 1.1.1 | 7.40 | 606.50 | 613.90 | OK | |
r-devel-linux-x86_64-debian-gcc | 1.1.1 | 5.98 | 441.42 | 447.40 | OK | |
r-devel-linux-x86_64-fedora-clang | 1.1.1 | 690.89 | OK | |||
r-devel-linux-x86_64-fedora-gcc | 1.1.1 | 695.86 | OK | |||
r-devel-windows-x86_64 | 1.1.1 | 10.00 | 589.00 | 599.00 | OK | |
r-patched-linux-x86_64 | 1.1.1 | 6.17 | 560.85 | 567.02 | OK | |
r-release-linux-x86_64 | 1.1.1 | 5.95 | 560.61 | 566.56 | OK | |
r-release-macos-arm64 | 1.1.1 | 184.00 | ERROR | |||
r-release-macos-x86_64 | 1.1.1 | 231.00 | OK | |||
r-release-windows-x86_64 | 1.1.1 | 33.00 | 590.00 | 623.00 | OK | |
r-oldrel-macos-arm64 | 1.1.1 | 168.00 | WARN | |||
r-oldrel-macos-x86_64 | 1.1.1 | 304.00 | OK | |||
r-oldrel-windows-ix86+x86_64 | 1.1.1 | 16.00 | 656.00 | 672.00 | OK |
Version: 1.1.1
Check: re-building of vignette outputs
Result: ERROR
Error(s) in re-building vignettes:
...
--- re-building ‘ragtop_convertibles_in_r.Rmd’ using rmarkdown
Warning: Removed 39 row(s) containing missing values (geom_path).
Quitting from lines 425-461 (ragtop_convertibles_in_r.Rmd)
Error: processing vignette 'ragtop_convertibles_in_r.Rmd' failed with diagnostics:
argument is of length zero
--- failed re-building ‘ragtop_convertibles_in_r.Rmd’
SUMMARY: processing the following file failed:
‘ragtop_convertibles_in_r.Rmd’
Error: Vignette re-building failed.
Execution halted
Flavor: r-release-macos-arm64
Version: 1.1.1
Check: re-building of vignette outputs
Result: WARN
Error(s) in re-building vignettes:
...
--- re-building ‘ragtop_convertibles_in_r.Rmd’ using rmarkdown
Warning: Removed 39 row(s) containing missing values (geom_path).
Quitting from lines 425-461 (ragtop_convertibles_in_r.Rmd)
Error: processing vignette 'ragtop_convertibles_in_r.Rmd' failed with diagnostics:
argument is of length zero
--- failed re-building ‘ragtop_convertibles_in_r.Rmd’
SUMMARY: processing the following file failed:
‘ragtop_convertibles_in_r.Rmd’
Error: Vignette re-building failed.
Execution halted
Flavor: r-oldrel-macos-arm64