Last updated on 2022-08-15 08:50:05 CEST.
Flavor | Version | Tinstall | Tcheck | Ttotal | Status | Flags |
---|---|---|---|---|---|---|
r-devel-linux-x86_64-debian-clang | 1.0.3 | 8.31 | 87.73 | 96.04 | NOTE | |
r-devel-linux-x86_64-debian-gcc | 1.0.3 | 9.19 | 66.34 | 75.53 | NOTE | |
r-devel-linux-x86_64-fedora-clang | 1.0.3 | 127.63 | NOTE | |||
r-devel-linux-x86_64-fedora-gcc | 1.0.3 | 124.68 | NOTE | |||
r-devel-windows-x86_64 | 1.0.3 | 16.00 | 108.00 | 124.00 | NOTE | |
r-patched-linux-x86_64 | 1.0.3 | 9.25 | 83.24 | 92.49 | NOTE | |
r-release-linux-x86_64 | 1.0.3 | 11.10 | 84.32 | 95.42 | NOTE | |
r-release-macos-arm64 | 1.0.3 | 33.00 | NOTE | |||
r-release-macos-x86_64 | 1.0.3 | 61.00 | NOTE | |||
r-release-windows-x86_64 | 1.0.3 | 17.00 | 105.00 | 122.00 | NOTE | |
r-oldrel-macos-arm64 | 1.0.3 | 46.00 | NOTE | |||
r-oldrel-macos-x86_64 | 1.0.3 | 71.00 | NOTE | |||
r-oldrel-windows-ix86+x86_64 | 1.0.3 | 23.00 | 103.00 | 126.00 | NOTE |
Version: 1.0.3
Check: LazyData
Result: NOTE
'LazyData' is specified without a 'data' directory
Flavors: r-devel-linux-x86_64-debian-clang, r-devel-linux-x86_64-debian-gcc, r-devel-linux-x86_64-fedora-clang, r-devel-linux-x86_64-fedora-gcc, r-devel-windows-x86_64, r-patched-linux-x86_64, r-release-linux-x86_64, r-release-macos-arm64, r-release-macos-x86_64, r-release-windows-x86_64, r-oldrel-macos-arm64, r-oldrel-macos-x86_64, r-oldrel-windows-ix86+x86_64