Last updated on 2022-08-15 08:50:05 CEST.
Flavor | Version | Tinstall | Tcheck | Ttotal | Status | Flags |
---|---|---|---|---|---|---|
r-devel-linux-x86_64-debian-clang | 0.2.1 | 2.05 | 35.66 | 37.71 | NOTE | |
r-devel-linux-x86_64-debian-gcc | 0.2.1 | 1.70 | 27.17 | 28.87 | NOTE | |
r-devel-linux-x86_64-fedora-clang | 0.2.1 | 54.65 | NOTE | |||
r-devel-linux-x86_64-fedora-gcc | 0.2.1 | 53.01 | NOTE | |||
r-devel-windows-x86_64 | 0.2.1 | 10.00 | 62.00 | 72.00 | NOTE | |
r-patched-linux-x86_64 | 0.2.1 | 2.34 | 33.49 | 35.83 | NOTE | |
r-release-linux-x86_64 | 0.2.1 | 2.37 | 33.18 | 35.55 | NOTE | |
r-release-macos-arm64 | 0.2.1 | 19.00 | NOTE | |||
r-release-macos-x86_64 | 0.2.1 | 27.00 | NOTE | |||
r-release-windows-x86_64 | 0.2.1 | 20.00 | 61.00 | 81.00 | NOTE | |
r-oldrel-macos-arm64 | 0.2.1 | 22.00 | NOTE | |||
r-oldrel-macos-x86_64 | 0.2.1 | 31.00 | NOTE | |||
r-oldrel-windows-ix86+x86_64 | 0.2.1 | 5.00 | 59.00 | 64.00 | NOTE |
Version: 0.2.1
Check: LazyData
Result: NOTE
'LazyData' is specified without a 'data' directory
Flavors: r-devel-linux-x86_64-debian-clang, r-devel-linux-x86_64-debian-gcc, r-devel-linux-x86_64-fedora-clang, r-devel-linux-x86_64-fedora-gcc, r-devel-windows-x86_64, r-patched-linux-x86_64, r-release-linux-x86_64, r-release-macos-arm64, r-release-macos-x86_64, r-release-windows-x86_64, r-oldrel-macos-arm64, r-oldrel-macos-x86_64, r-oldrel-windows-ix86+x86_64