Last updated on 2022-08-15 08:50:05 CEST.
Flavor | Version | Tinstall | Tcheck | Ttotal | Status | Flags |
---|---|---|---|---|---|---|
r-devel-linux-x86_64-debian-clang | 2.2.4 | 5.81 | 64.01 | 69.82 | NOTE | |
r-devel-linux-x86_64-debian-gcc | 2.2.4 | 4.93 | 47.40 | 52.33 | NOTE | |
r-devel-linux-x86_64-fedora-clang | 2.2.4 | 92.10 | NOTE | |||
r-devel-linux-x86_64-fedora-gcc | 2.2.4 | 87.10 | NOTE | |||
r-devel-windows-x86_64 | 2.2.4 | 11.00 | 98.00 | 109.00 | NOTE | |
r-patched-linux-x86_64 | 2.2.4 | 5.67 | 59.61 | 65.28 | NOTE | |
r-release-linux-x86_64 | 2.2.4 | 6.13 | 58.06 | 64.19 | NOTE | |
r-release-macos-arm64 | 2.2.4 | 44.00 | NOTE | |||
r-release-macos-x86_64 | 2.2.4 | 72.00 | NOTE | |||
r-release-windows-x86_64 | 2.2.4 | 10.00 | 104.00 | 114.00 | NOTE | |
r-oldrel-macos-arm64 | 2.2.4 | 44.00 | NOTE | |||
r-oldrel-macos-x86_64 | 2.2.4 | 1803.00 | NOTE | |||
r-oldrel-windows-ix86+x86_64 | 2.2.4 | 15.00 | 91.00 | 106.00 | NOTE |
Version: 2.2.4
Check: LazyData
Result: NOTE
'LazyData' is specified without a 'data' directory
Flavors: r-devel-linux-x86_64-debian-clang, r-devel-linux-x86_64-debian-gcc, r-devel-linux-x86_64-fedora-clang, r-devel-linux-x86_64-fedora-gcc, r-devel-windows-x86_64, r-patched-linux-x86_64, r-release-linux-x86_64, r-release-macos-arm64, r-release-macos-x86_64, r-release-windows-x86_64, r-oldrel-macos-arm64, r-oldrel-macos-x86_64, r-oldrel-windows-ix86+x86_64