Last updated on 2022-08-15 08:50:05 CEST.
Flavor | Version | Tinstall | Tcheck | Ttotal | Status | Flags |
---|---|---|---|---|---|---|
r-devel-linux-x86_64-debian-clang | 0.1.1 | 1.97 | 25.36 | 27.33 | NOTE | |
r-devel-linux-x86_64-debian-gcc | 0.1.1 | 1.75 | 20.05 | 21.80 | NOTE | |
r-devel-linux-x86_64-fedora-clang | 0.1.1 | 44.88 | NOTE | |||
r-devel-linux-x86_64-fedora-gcc | 0.1.1 | 42.79 | NOTE | |||
r-devel-windows-x86_64 | 0.1.1 | 9.00 | 53.00 | 62.00 | NOTE | |
r-patched-linux-x86_64 | 0.1.1 | 1.95 | 24.91 | 26.86 | OK | |
r-release-linux-x86_64 | 0.1.1 | 1.90 | 24.73 | 26.63 | OK | |
r-release-macos-arm64 | 0.1.1 | 17.00 | NOTE | |||
r-release-macos-x86_64 | 0.1.1 | 24.00 | NOTE | |||
r-release-windows-x86_64 | 0.1.1 | 10.00 | 50.00 | 60.00 | OK | |
r-oldrel-macos-arm64 | 0.1.1 | 24.00 | NOTE | |||
r-oldrel-macos-x86_64 | 0.1.1 | 29.00 | NOTE | |||
r-oldrel-windows-ix86+x86_64 | 0.1.1 | 6.00 | 44.00 | 50.00 | OK |
Version: 0.1.1
Check: package subdirectories
Result: NOTE
Problems with news in 'NEWS.md':
No news entries found.
Flavors: r-devel-linux-x86_64-debian-clang, r-devel-linux-x86_64-debian-gcc, r-devel-linux-x86_64-fedora-clang, r-devel-linux-x86_64-fedora-gcc, r-devel-windows-x86_64
Version: 0.1.1
Check: dependencies in R code
Result: NOTE
Namespaces in Imports field not imported from:
‘curl’ ‘jsonlite’
All declared Imports should be used.
Flavors: r-devel-linux-x86_64-fedora-clang, r-devel-linux-x86_64-fedora-gcc, r-release-macos-arm64, r-release-macos-x86_64, r-oldrel-macos-arm64, r-oldrel-macos-x86_64