Last updated on 2022-08-15 08:50:05 CEST.
Flavor | Version | Tinstall | Tcheck | Ttotal | Status | Flags |
---|---|---|---|---|---|---|
r-devel-linux-x86_64-debian-clang | 2.0.1 | 10.84 | 71.85 | 82.69 | NOTE | |
r-devel-linux-x86_64-debian-gcc | 2.0.1 | 9.56 | 55.11 | 64.67 | NOTE | |
r-devel-linux-x86_64-fedora-clang | 2.0.1 | 123.40 | NOTE | |||
r-devel-linux-x86_64-fedora-gcc | 2.0.1 | 127.25 | NOTE | |||
r-devel-windows-x86_64 | 2.0.1 | 63.00 | 153.00 | 216.00 | NOTE | |
r-patched-linux-x86_64 | 2.0.1 | 10.56 | 68.61 | 79.17 | OK | |
r-release-linux-x86_64 | 2.0.1 | 9.14 | 68.84 | 77.98 | OK | |
r-release-macos-arm64 | 2.0.1 | 43.00 | OK | |||
r-release-macos-x86_64 | 2.0.1 | 59.00 | OK | |||
r-release-windows-x86_64 | 2.0.1 | 85.00 | 138.00 | 223.00 | OK | |
r-oldrel-macos-arm64 | 2.0.1 | 41.00 | OK | |||
r-oldrel-macos-x86_64 | 2.0.1 | 59.00 | OK | |||
r-oldrel-windows-ix86+x86_64 | 2.0.1 | 36.00 | 133.00 | 169.00 | OK |
Version: 2.0.1
Check: Rd files
Result: NOTE
checkRd: (-1) pseudoRNG.Rd:74: Escaped LaTeX specials: \_
Flavors: r-devel-linux-x86_64-debian-clang, r-devel-linux-x86_64-debian-gcc, r-devel-linux-x86_64-fedora-clang, r-devel-linux-x86_64-fedora-gcc, r-devel-windows-x86_64
Version: 2.0.1
Check: HTML version of manual
Result: NOTE
Found the following math rendering problems:
colltest.Rd:34-38: Got group of unknown type: 'internal'
colltest.Rd:39: Got group of unknown type: 'internal'
colltestsparse.Rd:31-35: Got group of unknown type: 'internal'
colltestsparse.Rd:36: Got group of unknown type: 'internal'
Flavors: r-devel-linux-x86_64-debian-clang, r-devel-linux-x86_64-debian-gcc, r-devel-linux-x86_64-fedora-clang, r-devel-linux-x86_64-fedora-gcc