Last updated on 2022-08-15 08:50:05 CEST.
Flavor | Version | Tinstall | Tcheck | Ttotal | Status | Flags |
---|---|---|---|---|---|---|
r-devel-linux-x86_64-debian-clang | 1.6 | 36.57 | 110.06 | 146.63 | OK | |
r-devel-linux-x86_64-debian-gcc | 1.6 | 29.82 | 78.65 | 108.47 | OK | |
r-devel-linux-x86_64-fedora-clang | 1.6 | 194.92 | OK | |||
r-devel-linux-x86_64-fedora-gcc | 1.6 | 184.29 | OK | |||
r-devel-windows-x86_64 | 1.6 | 59.00 | 155.00 | 214.00 | NOTE | |
r-patched-linux-x86_64 | 1.6 | 41.36 | 102.58 | 143.94 | OK | |
r-release-linux-x86_64 | 1.6 | 37.38 | 103.12 | 140.50 | OK | |
r-release-macos-arm64 | 1.6 | 56.00 | NOTE | |||
r-release-macos-x86_64 | 1.6 | 72.00 | NOTE | |||
r-release-windows-x86_64 | 1.6 | 73.00 | 147.00 | 220.00 | NOTE | |
r-oldrel-macos-arm64 | 1.6 | 56.00 | NOTE | |||
r-oldrel-macos-x86_64 | 1.6 | 73.00 | NOTE | |||
r-oldrel-windows-ix86+x86_64 | 1.6 | 77.00 | 151.00 | 228.00 | ERROR |
Version: 1.6
Check: installed package size
Result: NOTE
installed size is 5.7Mb
sub-directories of 1Mb or more:
R 3.8Mb
Flavors: r-devel-windows-x86_64, r-release-macos-arm64, r-release-macos-x86_64, r-release-windows-x86_64, r-oldrel-macos-arm64, r-oldrel-macos-x86_64, r-oldrel-windows-ix86+x86_64
Version: 1.6
Check: running examples for arch ‘i386’
Result: ERROR
Running examples in 'rangeBuilder-Ex.R' failed
The error most likely occurred in:
> ### Name: coordError
> ### Title: Coordinate error
> ### Aliases: coordError
>
> ### ** Examples
>
> data(crotalus)
>
> xy <- crotalus[1:100, c('decimallongitude','decimallatitude')]
>
> coordError(xy)
| | 0 % ~calculating Error in sp::spTransform(pts, CRS("+proj=cea +lon_0=0 +lat_ts=30 +x_0=0 +y_0=0 +ellps=WGS84 +units=m +no_defs")) :
package rgdal is required for spTransform methods
Calls: coordError -> <Anonymous> -> FUN -> <Anonymous> -> <Anonymous>
Execution halted
Flavor: r-oldrel-windows-ix86+x86_64
Version: 1.6
Check: running examples for arch ‘x64’
Result: ERROR
Running examples in 'rangeBuilder-Ex.R' failed
The error most likely occurred in:
> ### Name: coordError
> ### Title: Coordinate error
> ### Aliases: coordError
>
> ### ** Examples
>
> data(crotalus)
>
> xy <- crotalus[1:100, c('decimallongitude','decimallatitude')]
>
> coordError(xy)
| | 0 % ~calculating Error in sp::spTransform(pts, CRS("+proj=cea +lon_0=0 +lat_ts=30 +x_0=0 +y_0=0 +ellps=WGS84 +units=m +no_defs")) :
package rgdal is required for spTransform methods
Calls: coordError -> <Anonymous> -> FUN -> <Anonymous> -> <Anonymous>
Execution halted
Flavor: r-oldrel-windows-ix86+x86_64