Last updated on 2022-08-15 08:50:05 CEST.
Flavor | Version | Tinstall | Tcheck | Ttotal | Status | Flags |
---|---|---|---|---|---|---|
r-devel-linux-x86_64-debian-clang | 0.14.1 | 110.79 | 120.70 | 231.49 | OK | |
r-devel-linux-x86_64-debian-gcc | 0.14.1 | 89.29 | 97.94 | 187.23 | OK | |
r-devel-linux-x86_64-fedora-clang | 0.14.1 | 301.13 | OK | |||
r-devel-linux-x86_64-fedora-gcc | 0.14.1 | 289.99 | OK | |||
r-devel-windows-x86_64 | 0.14.1 | 91.00 | 171.00 | 262.00 | OK | |
r-patched-linux-x86_64 | 0.14.1 | 99.23 | 114.19 | 213.42 | OK | |
r-release-linux-x86_64 | 0.14.1 | 91.10 | 113.87 | 204.97 | OK | |
r-release-macos-arm64 | 0.14.1 | 72.00 | NOTE | |||
r-release-macos-x86_64 | 0.14.1 | 99.00 | NOTE | |||
r-release-windows-x86_64 | 0.14.1 | 104.00 | 164.00 | 268.00 | OK | |
r-oldrel-macos-arm64 | 0.14.1 | 71.00 | NOTE | |||
r-oldrel-macos-x86_64 | 0.14.1 | 98.00 | NOTE | |||
r-oldrel-windows-ix86+x86_64 | 0.14.1 | 249.00 | 255.00 | 504.00 | OK |
Version: 0.14.1
Check: installed package size
Result: NOTE
installed size is 7.2Mb
sub-directories of 1Mb or more:
libs 7.0Mb
Flavors: r-release-macos-arm64, r-release-macos-x86_64, r-oldrel-macos-arm64, r-oldrel-macos-x86_64