Last updated on 2022-08-15 08:50:05 CEST.
Flavor | Version | Tinstall | Tcheck | Ttotal | Status | Flags |
---|---|---|---|---|---|---|
r-devel-linux-x86_64-debian-clang | 0.1.3 | 2.86 | 27.96 | 30.82 | NOTE | |
r-devel-linux-x86_64-debian-gcc | 0.1.3 | 2.33 | 22.06 | 24.39 | NOTE | |
r-devel-linux-x86_64-fedora-clang | 0.1.3 | 48.63 | NOTE | |||
r-devel-linux-x86_64-fedora-gcc | 0.1.3 | 45.31 | NOTE | |||
r-devel-windows-x86_64 | 0.1.3 | 32.00 | 58.00 | 90.00 | NOTE | |
r-patched-linux-x86_64 | 0.1.3 | 2.52 | 25.30 | 27.82 | NOTE | |
r-release-linux-x86_64 | 0.1.3 | 2.61 | 25.93 | 28.54 | NOTE | |
r-release-macos-arm64 | 0.1.3 | 19.00 | NOTE | |||
r-release-macos-x86_64 | 0.1.3 | 23.00 | NOTE | |||
r-release-windows-x86_64 | 0.1.3 | 34.00 | 50.00 | 84.00 | NOTE | |
r-oldrel-macos-arm64 | 0.1.3 | 23.00 | NOTE | |||
r-oldrel-macos-x86_64 | 0.1.3 | 28.00 | NOTE | |||
r-oldrel-windows-ix86+x86_64 | 0.1.3 | 7.00 | 44.00 | 51.00 | NOTE |
Version: 0.1.3
Check: LazyData
Result: NOTE
'LazyData' is specified without a 'data' directory
Flavors: r-devel-linux-x86_64-debian-clang, r-devel-linux-x86_64-debian-gcc, r-devel-linux-x86_64-fedora-clang, r-devel-linux-x86_64-fedora-gcc, r-devel-windows-x86_64, r-patched-linux-x86_64, r-release-linux-x86_64, r-release-macos-arm64, r-release-macos-x86_64, r-release-windows-x86_64, r-oldrel-macos-arm64, r-oldrel-macos-x86_64, r-oldrel-windows-ix86+x86_64