Last updated on 2022-08-15 08:50:05 CEST.
Flavor | Version | Tinstall | Tcheck | Ttotal | Status | Flags |
---|---|---|---|---|---|---|
r-devel-linux-x86_64-debian-clang | 1.1 | 4.90 | 40.28 | 45.18 | OK | |
r-devel-linux-x86_64-debian-gcc | 1.1 | 3.24 | 30.87 | 34.11 | OK | |
r-devel-linux-x86_64-fedora-clang | 1.1 | 65.08 | NOTE | |||
r-devel-linux-x86_64-fedora-gcc | 1.1 | 62.30 | OK | |||
r-devel-windows-x86_64 | 1.1 | 40.00 | 72.00 | 112.00 | OK | |
r-patched-linux-x86_64 | 1.1 | 4.90 | 38.05 | 42.95 | OK | |
r-release-linux-x86_64 | 1.1 | 3.97 | 38.18 | 42.15 | OK | |
r-release-macos-arm64 | 1.1 | 21.00 | OK | |||
r-release-macos-x86_64 | 1.1 | 30.00 | OK | |||
r-release-windows-x86_64 | 1.1 | 41.00 | 72.00 | 113.00 | OK | |
r-oldrel-macos-arm64 | 1.1 | 19.00 | OK | |||
r-oldrel-macos-x86_64 | 1.1 | 28.00 | OK | |||
r-oldrel-windows-ix86+x86_64 | 1.1 | 9.00 | 63.00 | 72.00 | OK |
Version: 1.1
Check: Rd cross-references
Result: NOTE
Undeclared package ‘reshape’ in Rd xrefs
Flavor: r-devel-linux-x86_64-fedora-clang