Last updated on 2022-08-15 08:50:05 CEST.
Flavor | Version | Tinstall | Tcheck | Ttotal | Status | Flags |
---|---|---|---|---|---|---|
r-devel-linux-x86_64-debian-clang | 0.3.0 | 4.60 | 52.97 | 57.57 | OK | |
r-devel-linux-x86_64-debian-gcc | 0.3.0 | 3.55 | 39.12 | 42.67 | OK | |
r-devel-linux-x86_64-fedora-clang | 0.3.0 | 79.88 | NOTE | |||
r-devel-linux-x86_64-fedora-gcc | 0.3.0 | 78.35 | NOTE | |||
r-devel-windows-x86_64 | 0.3.0 | 14.00 | 83.00 | 97.00 | OK | |
r-patched-linux-x86_64 | 0.3.0 | 4.34 | 49.41 | 53.75 | OK | |
r-release-linux-x86_64 | 0.3.0 | 4.66 | 48.58 | 53.24 | OK | |
r-release-macos-arm64 | 0.3.0 | 25.00 | NOTE | |||
r-release-macos-x86_64 | 0.3.0 | 47.00 | NOTE | |||
r-release-windows-x86_64 | 0.3.0 | 23.00 | 79.00 | 102.00 | OK | |
r-oldrel-macos-arm64 | 0.3.0 | 28.00 | NOTE | |||
r-oldrel-macos-x86_64 | 0.3.0 | 34.00 | NOTE | |||
r-oldrel-windows-ix86+x86_64 | 0.3.0 | 11.00 | 74.00 | 85.00 | OK |
Version: 0.3.0
Check: dependencies in R code
Result: NOTE
Namespaces in Imports field not imported from:
‘dplyr’ ‘tidyr’
All declared Imports should be used.
Flavors: r-devel-linux-x86_64-fedora-clang, r-devel-linux-x86_64-fedora-gcc, r-release-macos-arm64, r-release-macos-x86_64, r-oldrel-macos-arm64, r-oldrel-macos-x86_64