Last updated on 2022-08-15 08:50:05 CEST.
Flavor | Version | Tinstall | Tcheck | Ttotal | Status | Flags |
---|---|---|---|---|---|---|
r-devel-linux-x86_64-debian-clang | 3.5-21 | 248.05 | 498.36 | 746.41 | OK | |
r-devel-linux-x86_64-debian-gcc | 3.5-21 | 191.93 | 360.15 | 552.08 | OK | |
r-devel-linux-x86_64-fedora-clang | 3.5-29 | 987.30 | OK | |||
r-devel-linux-x86_64-fedora-gcc | 3.5-29 | 957.58 | OK | |||
r-devel-windows-x86_64 | 3.5-21 | 204.00 | 333.00 | 537.00 | NOTE | |
r-patched-linux-x86_64 | 3.5-21 | 217.80 | 468.79 | 686.59 | OK | |
r-release-linux-x86_64 | 3.5-21 | 227.19 | 476.49 | 703.68 | OK | |
r-release-macos-arm64 | 3.5-29 | 179.00 | NOTE | |||
r-release-macos-x86_64 | 3.5-21 | 262.00 | NOTE | |||
r-release-windows-x86_64 | 3.5-21 | 384.00 | 526.00 | 910.00 | NOTE | |
r-oldrel-macos-arm64 | 3.5-29 | 149.00 | NOTE | |||
r-oldrel-macos-x86_64 | 3.5-21 | 250.00 | NOTE | |||
r-oldrel-windows-ix86+x86_64 | 3.5-21 | 549.00 | 750.00 | 1299.00 | NOTE |
Version: 3.5-21
Check: installed package size
Result: NOTE
installed size is 5.6Mb
sub-directories of 1Mb or more:
R 3.1Mb
libs 1.4Mb
Flavors: r-devel-windows-x86_64, r-release-macos-x86_64, r-release-windows-x86_64, r-oldrel-macos-x86_64, r-oldrel-windows-ix86+x86_64
Version: 3.5-29
Check: installed package size
Result: NOTE
installed size is 10.6Mb
sub-directories of 1Mb or more:
R 3.0Mb
libs 6.6Mb
Flavors: r-release-macos-arm64, r-oldrel-macos-arm64