Last updated on 2022-08-15 08:50:05 CEST.
Flavor | Version | Tinstall | Tcheck | Ttotal | Status | Flags |
---|---|---|---|---|---|---|
r-devel-linux-x86_64-debian-clang | 0.3.1 | 30.99 | 295.46 | 326.45 | NOTE | |
r-devel-linux-x86_64-debian-gcc | 0.3.1 | 24.39 | 214.67 | 239.06 | NOTE | |
r-devel-linux-x86_64-fedora-clang | 0.3.1 | 391.95 | NOTE | |||
r-devel-linux-x86_64-fedora-gcc | 0.3.1 | 385.16 | NOTE | |||
r-devel-windows-x86_64 | 0.3.1 | 30.00 | 284.00 | 314.00 | NOTE | |
r-patched-linux-x86_64 | 0.3.1 | 28.97 | 281.26 | 310.23 | NOTE | |
r-release-linux-x86_64 | 0.3.1 | 29.44 | 281.38 | 310.82 | NOTE | |
r-release-macos-arm64 | 0.3.1 | 67.00 | NOTE | |||
r-release-macos-x86_64 | 0.3.1 | 113.00 | NOTE | |||
r-release-windows-x86_64 | 0.3.1 | 34.00 | 280.00 | 314.00 | NOTE | |
r-oldrel-macos-arm64 | 0.3.1 | 52.00 | NOTE | |||
r-oldrel-macos-x86_64 | 0.3.1 | 77.00 | NOTE | |||
r-oldrel-windows-ix86+x86_64 | 0.3.1 | 70.00 | 284.00 | 354.00 | NOTE |
Version: 0.3.1
Check: LazyData
Result: NOTE
'LazyData' is specified without a 'data' directory
Flavors: r-devel-linux-x86_64-debian-clang, r-devel-linux-x86_64-debian-gcc, r-devel-linux-x86_64-fedora-clang, r-devel-linux-x86_64-fedora-gcc, r-devel-windows-x86_64, r-patched-linux-x86_64, r-release-linux-x86_64, r-release-macos-arm64, r-release-macos-x86_64, r-release-windows-x86_64, r-oldrel-macos-arm64, r-oldrel-macos-x86_64, r-oldrel-windows-ix86+x86_64