Last updated on 2022-08-15 08:50:05 CEST.
Flavor | Version | Tinstall | Tcheck | Ttotal | Status | Flags |
---|---|---|---|---|---|---|
r-devel-linux-x86_64-debian-clang | 1.0.1 | 3.82 | 44.52 | 48.34 | NOTE | |
r-devel-linux-x86_64-debian-gcc | 1.0.1 | 2.40 | 33.48 | 35.88 | NOTE | |
r-devel-linux-x86_64-fedora-clang | 1.0.1 | 67.04 | NOTE | |||
r-devel-linux-x86_64-fedora-gcc | 1.0.1 | 67.07 | NOTE | |||
r-devel-windows-x86_64 | 1.0.1 | 16.00 | 74.00 | 90.00 | NOTE | |
r-patched-linux-x86_64 | 1.0.1 | 3.79 | 42.08 | 45.87 | OK | |
r-release-linux-x86_64 | 1.0.1 | 3.30 | 43.54 | 46.84 | OK | |
r-release-macos-arm64 | 1.0.1 | 24.00 | OK | |||
r-release-macos-x86_64 | 1.0.1 | 31.00 | OK | |||
r-release-windows-x86_64 | 1.0.1 | 17.00 | 73.00 | 90.00 | OK | |
r-oldrel-macos-arm64 | 1.0.1 | 22.00 | OK | |||
r-oldrel-macos-x86_64 | 1.0.1 | 29.00 | OK | |||
r-oldrel-windows-ix86+x86_64 | 1.0.1 | 8.00 | 65.00 | 73.00 | OK |
Version: 1.0.1
Check: package subdirectories
Result: NOTE
Problems with news in 'NEWS.md':
No news entries found.
Flavors: r-devel-linux-x86_64-debian-clang, r-devel-linux-x86_64-debian-gcc, r-devel-linux-x86_64-fedora-clang, r-devel-linux-x86_64-fedora-gcc, r-devel-windows-x86_64