Last updated on 2022-08-15 08:50:05 CEST.
Flavor | Version | Tinstall | Tcheck | Ttotal | Status | Flags |
---|---|---|---|---|---|---|
r-devel-linux-x86_64-debian-clang | 1.1-0 | 384.47 | 190.88 | 575.35 | NOTE | |
r-devel-linux-x86_64-debian-gcc | 1.1-0 | 331.64 | 154.23 | 485.87 | NOTE | |
r-devel-linux-x86_64-fedora-clang | 1.1-0 | 695.29 | NOTE | |||
r-devel-linux-x86_64-fedora-gcc | 1.1-0 | 818.42 | NOTE | |||
r-devel-windows-x86_64 | 1.1-0 | 248.00 | 317.00 | 565.00 | NOTE | |
r-patched-linux-x86_64 | 1.1-0 | 244.13 | 197.94 | 442.07 | NOTE | |
r-release-linux-x86_64 | 1.1-0 | 298.56 | 197.39 | 495.95 | NOTE | |
r-release-macos-arm64 | 1.1-0 | 213.00 | NOTE | |||
r-release-macos-x86_64 | 1.1-0 | 466.00 | NOTE | |||
r-release-windows-x86_64 | 1.1-0 | 272.00 | 272.00 | 544.00 | NOTE | |
r-oldrel-macos-arm64 | 1.1-0 | 165.00 | NOTE | |||
r-oldrel-macos-x86_64 | 1.1-0 | 271.00 | NOTE | |||
r-oldrel-windows-ix86+x86_64 | 1.1-0 | 617.00 | 12.00 | 629.00 | ERROR |
Version: 1.1-0
Check: for GNU extensions in Makefiles
Result: NOTE
GNU make is a SystemRequirements.
Flavors: r-devel-linux-x86_64-debian-clang, r-devel-linux-x86_64-debian-gcc, r-devel-linux-x86_64-fedora-clang, r-devel-linux-x86_64-fedora-gcc, r-devel-windows-x86_64, r-patched-linux-x86_64, r-release-linux-x86_64, r-release-macos-arm64, r-release-macos-x86_64, r-release-windows-x86_64, r-oldrel-macos-arm64, r-oldrel-macos-x86_64
Version: 1.1-0
Check: installed package size
Result: NOTE
installed size is 5.0Mb
sub-directories of 1Mb or more:
libs 4.4Mb
Flavors: r-devel-linux-x86_64-fedora-clang, r-release-macos-arm64, r-release-macos-x86_64, r-oldrel-macos-arm64, r-oldrel-macos-x86_64
Version: 1.1-0
Check: whether package can be installed
Result: ERROR
Installation failed.
Flavor: r-oldrel-windows-ix86+x86_64