Last updated on 2022-08-15 08:50:05 CEST.
Flavor | Version | Tinstall | Tcheck | Ttotal | Status | Flags |
---|---|---|---|---|---|---|
r-devel-linux-x86_64-debian-clang | 1.0.0 | 2.71 | 19.71 | 22.42 | NOTE | |
r-devel-linux-x86_64-debian-gcc | 1.0.0 | 2.20 | 15.55 | 17.75 | NOTE | |
r-devel-linux-x86_64-fedora-clang | 1.0.0 | 38.70 | NOTE | |||
r-devel-linux-x86_64-fedora-gcc | 1.0.0 | 37.23 | NOTE | |||
r-devel-windows-x86_64 | 1.0.0 | 8.00 | 45.00 | 53.00 | NOTE | |
r-patched-linux-x86_64 | 1.0.0 | 2.63 | 19.25 | 21.88 | NOTE | |
r-release-linux-x86_64 | 1.0.0 | 2.39 | 18.98 | 21.37 | NOTE | |
r-release-macos-arm64 | 1.0.0 | 14.00 | NOTE | |||
r-release-macos-x86_64 | 1.0.0 | 20.00 | NOTE | |||
r-release-windows-x86_64 | 1.0.0 | 8.00 | 46.00 | 54.00 | NOTE | |
r-oldrel-macos-arm64 | 1.0.0 | 18.00 | NOTE | |||
r-oldrel-macos-x86_64 | 1.0.0 | 22.00 | NOTE | |||
r-oldrel-windows-ix86+x86_64 | 1.0.0 | 6.00 | 42.00 | 48.00 | NOTE |
Version: 1.0.0
Check: LazyData
Result: NOTE
'LazyData' is specified without a 'data' directory
Flavors: r-devel-linux-x86_64-debian-clang, r-devel-linux-x86_64-debian-gcc, r-devel-linux-x86_64-fedora-clang, r-devel-linux-x86_64-fedora-gcc, r-devel-windows-x86_64, r-patched-linux-x86_64, r-release-linux-x86_64, r-release-macos-arm64, r-release-macos-x86_64, r-release-windows-x86_64, r-oldrel-macos-arm64, r-oldrel-macos-x86_64, r-oldrel-windows-ix86+x86_64