Last updated on 2022-08-15 08:50:05 CEST.
Flavor | Version | Tinstall | Tcheck | Ttotal | Status | Flags |
---|---|---|---|---|---|---|
r-devel-linux-x86_64-debian-clang | 0.9-5 | 6.71 | 44.08 | 50.79 | NOTE | |
r-devel-linux-x86_64-debian-gcc | 0.9-5 | 4.20 | 33.24 | 37.44 | NOTE | |
r-devel-linux-x86_64-fedora-clang | 0.9-5 | 72.32 | NOTE | |||
r-devel-linux-x86_64-fedora-gcc | 0.9-5 | 67.69 | NOTE | |||
r-devel-windows-x86_64 | 0.9-5 | 29.00 | 71.00 | 100.00 | NOTE | |
r-patched-linux-x86_64 | 0.9-5 | 5.11 | 42.82 | 47.93 | OK | |
r-release-linux-x86_64 | 0.9-5 | 4.84 | 41.83 | 46.67 | OK | |
r-release-macos-arm64 | 0.9-5 | 19.00 | OK | |||
r-release-macos-x86_64 | 0.9-5 | 29.00 | OK | |||
r-release-windows-x86_64 | 0.9-5 | 44.00 | 67.00 | 111.00 | OK | |
r-oldrel-macos-arm64 | 0.9-5 | 20.00 | OK | |||
r-oldrel-macos-x86_64 | 0.9-5 | 29.00 | OK | |||
r-oldrel-windows-ix86+x86_64 | 0.9-5 | 13.00 | 65.00 | 78.00 | OK |
Version: 0.9-5
Check: Rd files
Result: NOTE
checkRd: (-1) mn4joint1condi.Rd:39: Escaped LaTeX specials: \$
checkRd: (-1) mn4joint1condi.Rd:40: Escaped LaTeX specials: \$
checkRd: (-1) objets.Rd:66: Escaped LaTeX specials: \#
Flavors: r-devel-linux-x86_64-debian-clang, r-devel-linux-x86_64-debian-gcc, r-devel-linux-x86_64-fedora-clang, r-devel-linux-x86_64-fedora-gcc, r-devel-windows-x86_64