Last updated on 2022-08-15 08:50:05 CEST.
Flavor | Version | Tinstall | Tcheck | Ttotal | Status | Flags |
---|---|---|---|---|---|---|
r-devel-linux-x86_64-debian-clang | 0.1-6 | 5.75 | 43.65 | 49.40 | NOTE | |
r-devel-linux-x86_64-debian-gcc | 0.1-6 | 5.16 | 33.59 | 38.75 | NOTE | |
r-devel-linux-x86_64-fedora-clang | 0.1-6 | 72.65 | NOTE | |||
r-devel-linux-x86_64-fedora-gcc | 0.1-6 | 75.12 | NOTE | |||
r-devel-windows-x86_64 | 0.1-6 | 42.00 | 71.00 | 113.00 | NOTE | |
r-patched-linux-x86_64 | 0.1-6 | 8.91 | 39.84 | 48.75 | NOTE | |
r-release-linux-x86_64 | 0.1-6 | 6.36 | 39.71 | 46.07 | NOTE | |
r-release-macos-arm64 | 0.1-6 | 21.00 | NOTE | |||
r-release-macos-x86_64 | 0.1-6 | 31.00 | NOTE | |||
r-release-windows-x86_64 | 0.1-6 | 39.00 | 70.00 | 109.00 | NOTE | |
r-oldrel-macos-arm64 | 0.1-6 | 27.00 | NOTE | |||
r-oldrel-macos-x86_64 | 0.1-6 | 39.00 | NOTE | |||
r-oldrel-windows-ix86+x86_64 | 0.1-6 | 16.00 | 66.00 | 82.00 | NOTE |
Version: 0.1-6
Check: LazyData
Result: NOTE
'LazyData' is specified without a 'data' directory
Flavors: r-devel-linux-x86_64-debian-clang, r-devel-linux-x86_64-debian-gcc, r-devel-linux-x86_64-fedora-clang, r-devel-linux-x86_64-fedora-gcc, r-devel-windows-x86_64, r-patched-linux-x86_64, r-release-linux-x86_64, r-release-macos-arm64, r-release-macos-x86_64, r-release-windows-x86_64, r-oldrel-macos-arm64, r-oldrel-macos-x86_64, r-oldrel-windows-ix86+x86_64
Version: 0.1-6
Check: HTML version of manual
Result: NOTE
Found the following HTML validation problems:
getblock.html:58:1: Warning: trimming empty <h3>
getrawtransaction.html:57:1: Warning: trimming empty <h3>
Flavors: r-devel-linux-x86_64-debian-clang, r-devel-linux-x86_64-debian-gcc, r-devel-linux-x86_64-fedora-clang, r-devel-linux-x86_64-fedora-gcc