Last updated on 2022-08-15 08:50:05 CEST.
Flavor | Version | Tinstall | Tcheck | Ttotal | Status | Flags |
---|---|---|---|---|---|---|
r-devel-linux-x86_64-debian-clang | 2.0.0 | 3.85 | 25.84 | 29.69 | OK | |
r-devel-linux-x86_64-debian-gcc | 2.0.0 | 3.60 | 20.42 | 24.02 | OK | |
r-devel-linux-x86_64-fedora-clang | 2.0.0 | 48.04 | NOTE | |||
r-devel-linux-x86_64-fedora-gcc | 2.0.0 | 45.57 | OK | |||
r-devel-windows-x86_64 | 2.0.0 | 431.00 | 55.00 | 486.00 | NOTE | |
r-patched-linux-x86_64 | 2.0.0 | 4.13 | 24.50 | 28.63 | OK | |
r-release-linux-x86_64 | 2.0.0 | 4.93 | 25.22 | 30.15 | OK | |
r-release-macos-arm64 | 2.0.0 | 17.00 | NOTE | |||
r-release-macos-x86_64 | 2.0.0 | 25.00 | NOTE | |||
r-release-windows-x86_64 | 2.0.0 | 518.00 | 58.00 | 576.00 | NOTE | |
r-oldrel-macos-arm64 | 2.0.0 | 19.00 | NOTE | |||
r-oldrel-macos-x86_64 | 2.0.0 | 34.00 | NOTE | |||
r-oldrel-windows-ix86+x86_64 | 2.0.0 | 11.00 | 50.00 | 61.00 | NOTE |
Version: 2.0.0
Check: installed package size
Result: NOTE
installed size is 7.8Mb
sub-directories of 1Mb or more:
corpora 7.6Mb
Flavors: r-devel-linux-x86_64-fedora-clang, r-devel-windows-x86_64, r-release-macos-arm64, r-release-macos-x86_64, r-release-windows-x86_64, r-oldrel-macos-arm64, r-oldrel-macos-x86_64, r-oldrel-windows-ix86+x86_64