Last updated on 2022-08-15 08:50:05 CEST.
Flavor | Version | Tinstall | Tcheck | Ttotal | Status | Flags |
---|---|---|---|---|---|---|
r-devel-linux-x86_64-debian-clang | 0.4.2 | 39.77 | 362.13 | 401.90 | OK | |
r-devel-linux-x86_64-debian-gcc | 0.4.2 | 29.12 | 260.42 | 289.54 | OK | |
r-devel-linux-x86_64-fedora-clang | 0.4.2 | 473.69 | NOTE | |||
r-devel-linux-x86_64-fedora-gcc | 0.4.2 | 468.71 | NOTE | |||
r-devel-windows-x86_64 | 0.4.2 | 40.00 | 335.00 | 375.00 | OK | |
r-patched-linux-x86_64 | 0.4.2 | 33.84 | 339.18 | 373.02 | OK | |
r-release-linux-x86_64 | 0.4.2 | 27.01 | 344.45 | 371.46 | OK | |
r-release-macos-arm64 | 0.4.2 | 102.00 | NOTE | |||
r-release-macos-x86_64 | 0.4.2 | 185.00 | NOTE | |||
r-release-windows-x86_64 | 0.4.2 | 52.00 | 351.00 | 403.00 | OK | |
r-oldrel-macos-arm64 | 0.4.2 | 74.00 | NOTE | |||
r-oldrel-macos-x86_64 | 0.4.2 | 103.00 | NOTE | |||
r-oldrel-windows-ix86+x86_64 | 0.4.2 | 85.00 | 346.00 | 431.00 | OK |
Version: 0.4.2
Check: dependencies in R code
Result: NOTE
Namespaces in Imports field not imported from:
‘Rcpp’ ‘dplyr’
All declared Imports should be used.
Flavors: r-devel-linux-x86_64-fedora-clang, r-devel-linux-x86_64-fedora-gcc, r-release-macos-arm64, r-release-macos-x86_64, r-oldrel-macos-arm64, r-oldrel-macos-x86_64