Last updated on 2022-08-15 08:50:06 CEST.
Flavor | Version | Tinstall | Tcheck | Ttotal | Status | Flags |
---|---|---|---|---|---|---|
r-devel-linux-x86_64-debian-clang | 0.1.0 | 28.04 | 258.10 | 286.14 | NOTE | |
r-devel-linux-x86_64-debian-gcc | 0.1.0 | 23.78 | 192.18 | 215.96 | NOTE | |
r-devel-linux-x86_64-fedora-clang | 0.1.0 | 346.60 | NOTE | |||
r-devel-linux-x86_64-fedora-gcc | 0.1.0 | 346.45 | NOTE | |||
r-devel-windows-x86_64 | 0.1.0 | 32.00 | 252.00 | 284.00 | NOTE | |
r-patched-linux-x86_64 | 0.1.0 | 27.19 | 253.57 | 280.76 | NOTE | |
r-release-linux-x86_64 | 0.1.0 | 26.88 | 250.58 | 277.46 | NOTE | |
r-release-macos-arm64 | 0.1.0 | 68.00 | NOTE | |||
r-release-macos-x86_64 | 0.1.0 | 100.00 | NOTE | |||
r-release-windows-x86_64 | 0.1.0 | 46.00 | 260.00 | 306.00 | NOTE | |
r-oldrel-macos-arm64 | 0.1.0 | 36.00 | NOTE | |||
r-oldrel-macos-x86_64 | 0.1.0 | 69.00 | NOTE | |||
r-oldrel-windows-ix86+x86_64 | 0.1.0 | 63.00 | 250.00 | 313.00 | NOTE |
Version: 0.1.0
Check: LazyData
Result: NOTE
'LazyData' is specified without a 'data' directory
Flavors: r-devel-linux-x86_64-debian-clang, r-devel-linux-x86_64-debian-gcc, r-devel-linux-x86_64-fedora-clang, r-devel-linux-x86_64-fedora-gcc, r-devel-windows-x86_64, r-patched-linux-x86_64, r-release-linux-x86_64, r-release-macos-arm64, r-release-macos-x86_64, r-release-windows-x86_64, r-oldrel-macos-arm64, r-oldrel-macos-x86_64, r-oldrel-windows-ix86+x86_64