Last updated on 2022-08-15 08:50:06 CEST.
Flavor | Version | Tinstall | Tcheck | Ttotal | Status | Flags |
---|---|---|---|---|---|---|
r-devel-linux-x86_64-debian-clang | 2.8.1 | 3.45 | 34.42 | 37.87 | OK | |
r-devel-linux-x86_64-debian-gcc | 2.8.1 | 2.94 | 26.58 | 29.52 | OK | |
r-devel-linux-x86_64-fedora-clang | 2.8.1 | 57.07 | NOTE | |||
r-devel-linux-x86_64-fedora-gcc | 2.8.1 | 55.81 | OK | |||
r-devel-windows-x86_64 | 2.8.1 | 28.00 | 59.00 | 87.00 | OK | |
r-patched-linux-x86_64 | 2.8.1 | 3.56 | 33.78 | 37.34 | OK | |
r-release-linux-x86_64 | 2.8.1 | 3.28 | 33.72 | 37.00 | OK | |
r-release-macos-arm64 | 2.8.1 | 17.00 | OK | |||
r-release-macos-x86_64 | 2.8.1 | 26.00 | OK | |||
r-release-windows-x86_64 | 2.8.1 | 36.00 | 63.00 | 99.00 | OK | |
r-oldrel-macos-arm64 | 2.8.1 | 22.00 | OK | |||
r-oldrel-macos-x86_64 | 2.8.1 | 33.00 | OK | |||
r-oldrel-windows-ix86+x86_64 | 2.8.1 | 7.00 | 54.00 | 61.00 | OK |
Version: 2.8.1
Check: Rd cross-references
Result: NOTE
Undeclared package ‘MALDIquantForeign’ in Rd xrefs
Flavor: r-devel-linux-x86_64-fedora-clang