Last updated on 2022-08-15 08:50:06 CEST.
Flavor | Version | Tinstall | Tcheck | Ttotal | Status | Flags |
---|---|---|---|---|---|---|
r-devel-linux-x86_64-debian-clang | 0.1.1 | 2.42 | 27.80 | 30.22 | NOTE | |
r-devel-linux-x86_64-debian-gcc | 0.1.1 | 1.82 | 21.34 | 23.16 | NOTE | |
r-devel-linux-x86_64-fedora-clang | 0.1.1 | 48.05 | NOTE | |||
r-devel-linux-x86_64-fedora-gcc | 0.1.1 | 45.92 | NOTE | |||
r-devel-windows-x86_64 | 0.1.1 | 13.00 | 53.00 | 66.00 | NOTE | |
r-patched-linux-x86_64 | 0.1.1 | 1.31 | 26.66 | 27.97 | NOTE | |
r-release-linux-x86_64 | 0.1.1 | 2.17 | 26.69 | 28.86 | NOTE | |
r-release-macos-arm64 | 0.1.1 | 17.00 | NOTE | |||
r-release-macos-x86_64 | 0.1.1 | 30.00 | NOTE | |||
r-release-windows-x86_64 | 0.1.1 | 18.00 | 51.00 | 69.00 | NOTE | |
r-oldrel-macos-arm64 | 0.1.1 | 18.00 | NOTE | |||
r-oldrel-macos-x86_64 | 0.1.1 | 25.00 | NOTE | |||
r-oldrel-windows-ix86+x86_64 | 0.1.1 | 7.00 | 45.00 | 52.00 | NOTE |
Version: 0.1.1
Check: LazyData
Result: NOTE
'LazyData' is specified without a 'data' directory
Flavors: r-devel-linux-x86_64-debian-clang, r-devel-linux-x86_64-debian-gcc, r-devel-linux-x86_64-fedora-clang, r-devel-linux-x86_64-fedora-gcc, r-devel-windows-x86_64, r-patched-linux-x86_64, r-release-linux-x86_64, r-release-macos-arm64, r-release-macos-x86_64, r-release-windows-x86_64, r-oldrel-macos-arm64, r-oldrel-macos-x86_64, r-oldrel-windows-ix86+x86_64