Last updated on 2022-08-15 08:50:06 CEST.
Flavor | Version | Tinstall | Tcheck | Ttotal | Status | Flags |
---|---|---|---|---|---|---|
r-devel-linux-x86_64-debian-clang | 0.3.0 | 13.75 | 185.62 | 199.37 | NOTE | |
r-devel-linux-x86_64-debian-gcc | 0.3.0 | 11.62 | 136.01 | 147.63 | NOTE | |
r-devel-linux-x86_64-fedora-clang | 0.3.0 | 242.10 | NOTE | |||
r-devel-linux-x86_64-fedora-gcc | 0.3.0 | 256.26 | NOTE | |||
r-devel-windows-x86_64 | 0.3.0 | 52.00 | 208.00 | 260.00 | OK | |
r-patched-linux-x86_64 | 0.3.0 | 16.20 | 170.24 | 186.44 | OK | |
r-release-linux-x86_64 | 0.3.0 | 10.99 | 170.31 | 181.30 | OK | |
r-release-macos-arm64 | 0.3.0 | 59.00 | NOTE | |||
r-release-macos-x86_64 | 0.3.0 | 111.00 | NOTE | |||
r-release-windows-x86_64 | 0.3.0 | 74.00 | 223.00 | 297.00 | OK | |
r-oldrel-macos-arm64 | 0.3.0 | 71.00 | NOTE | |||
r-oldrel-macos-x86_64 | 0.3.0 | 77.00 | NOTE | |||
r-oldrel-windows-ix86+x86_64 | 0.3.0 | 26.00 | 220.00 | 246.00 | OK |
Version: 0.3.0
Check: HTML version of manual
Result: NOTE
Found the following HTML validation problems:
GeneratedPipeline.html:85:6: Warning: missing </span> before <p>
GeneratedPipeline.html:85:88: Warning: inserting implicit <span>
GeneratedPipeline.html:85:6: Warning: trimming empty <span>
GeneratedTransformation.html:89:6: Warning: missing </span> before <p>
GeneratedTransformation.html:89:94: Warning: inserting implicit <span>
GeneratedTransformation.html:89:6: Warning: trimming empty <span>
Flavors: r-devel-linux-x86_64-debian-clang, r-devel-linux-x86_64-debian-gcc, r-devel-linux-x86_64-fedora-clang, r-devel-linux-x86_64-fedora-gcc
Version: 0.3.0
Check: dependencies in R code
Result: NOTE
Namespace in Imports field not imported from: ‘R6’
All declared Imports should be used.
Flavors: r-devel-linux-x86_64-fedora-clang, r-devel-linux-x86_64-fedora-gcc, r-release-macos-arm64, r-release-macos-x86_64, r-oldrel-macos-arm64, r-oldrel-macos-x86_64