Last updated on 2022-08-15 08:50:06 CEST.
Flavor | Version | Tinstall | Tcheck | Ttotal | Status | Flags |
---|---|---|---|---|---|---|
r-devel-linux-x86_64-debian-clang | 2.3 | 3.87 | 39.62 | 43.49 | OK | |
r-devel-linux-x86_64-debian-gcc | 2.3 | 3.33 | 29.69 | 33.02 | OK | |
r-devel-linux-x86_64-fedora-clang | 2.3 | 64.39 | NOTE | |||
r-devel-linux-x86_64-fedora-gcc | 2.3 | 61.50 | NOTE | |||
r-devel-windows-x86_64 | 2.3 | 47.00 | 62.00 | 109.00 | OK | |
r-patched-linux-x86_64 | 2.3 | 5.32 | 36.18 | 41.50 | OK | |
r-release-linux-x86_64 | 2.3 | 3.59 | 36.32 | 39.91 | OK | |
r-release-macos-arm64 | 2.3 | 22.00 | NOTE | |||
r-release-macos-x86_64 | 2.3 | 36.00 | NOTE | |||
r-release-windows-x86_64 | 2.3 | 56.00 | 58.00 | 114.00 | OK | |
r-oldrel-macos-arm64 | 2.3 | 20.00 | NOTE | |||
r-oldrel-macos-x86_64 | 2.3 | 27.00 | NOTE | |||
r-oldrel-windows-ix86+x86_64 | 2.3 | 10.00 | 58.00 | 68.00 | OK |
Version: 2.3
Check: dependencies in R code
Result: NOTE
Namespaces in Imports field not imported from:
‘DBI’ ‘readr’
All declared Imports should be used.
Flavors: r-devel-linux-x86_64-fedora-clang, r-devel-linux-x86_64-fedora-gcc, r-release-macos-arm64, r-release-macos-x86_64, r-oldrel-macos-arm64, r-oldrel-macos-x86_64