Last updated on 2022-08-15 08:50:06 CEST.
Flavor | Version | Tinstall | Tcheck | Ttotal | Status | Flags |
---|---|---|---|---|---|---|
r-devel-linux-x86_64-debian-clang | 0.4.0 | 9.44 | 84.56 | 94.00 | NOTE | |
r-devel-linux-x86_64-debian-gcc | 0.4.0 | 6.60 | 62.40 | 69.00 | NOTE | |
r-devel-linux-x86_64-fedora-clang | 0.4.0 | 120.61 | NOTE | |||
r-devel-linux-x86_64-fedora-gcc | 0.4.0 | 128.88 | NOTE | |||
r-devel-windows-x86_64 | 0.4.0 | 17.00 | 129.00 | 146.00 | OK | |
r-patched-linux-x86_64 | 0.4.0 | 5.26 | 79.34 | 84.60 | NOTE | |
r-release-linux-x86_64 | 0.4.0 | 6.67 | 78.82 | 85.49 | NOTE | |
r-release-macos-arm64 | 0.4.0 | 37.00 | OK | |||
r-release-macos-x86_64 | 0.4.0 | 67.00 | OK | |||
r-release-windows-x86_64 | 0.4.0 | 15.00 | 127.00 | 142.00 | OK | |
r-oldrel-macos-arm64 | 0.4.0 | 36.00 | OK | |||
r-oldrel-macos-x86_64 | 0.4.0 | 49.00 | OK | |||
r-oldrel-windows-ix86+x86_64 | 0.4.0 | 21.00 | 122.00 | 143.00 | OK |
Version: 0.4.0
Check: for non-standard things in the check directory
Result: NOTE
Found the following files/directories:
'Filled.RData' 'cleaned.RData' 'days' 'gridded'
Flavors: r-devel-linux-x86_64-debian-clang, r-devel-linux-x86_64-debian-gcc, r-devel-linux-x86_64-fedora-clang, r-devel-linux-x86_64-fedora-gcc, r-patched-linux-x86_64, r-release-linux-x86_64