Last updated on 2022-08-15 08:50:06 CEST.
Flavor | Version | Tinstall | Tcheck | Ttotal | Status | Flags |
---|---|---|---|---|---|---|
r-devel-linux-x86_64-debian-clang | 1.0.3 | 29.07 | 385.01 | 414.08 | NOTE | |
r-devel-linux-x86_64-debian-gcc | 1.0.3 | 21.65 | 281.89 | 303.54 | NOTE | |
r-devel-linux-x86_64-fedora-clang | 1.0.3 | 492.55 | NOTE | |||
r-devel-linux-x86_64-fedora-gcc | 1.0.3 | 613.03 | NOTE | |||
r-devel-windows-x86_64 | 1.0.3 | 30.00 | 502.00 | 532.00 | NOTE | |
r-patched-linux-x86_64 | 1.0.3 | 21.24 | 500.95 | 522.19 | NOTE | |
r-release-linux-x86_64 | 1.0.3 | 23.25 | 493.17 | 516.42 | NOTE | |
r-release-macos-arm64 | 1.0.3 | 186.00 | NOTE | |||
r-release-macos-x86_64 | 1.0.3 | 249.00 | NOTE | |||
r-release-windows-x86_64 | 1.0.3 | 39.00 | 543.00 | 582.00 | NOTE | |
r-oldrel-macos-arm64 | 1.0.3 | 115.00 | NOTE | |||
r-oldrel-macos-x86_64 | 1.0.3 | 237.00 | NOTE | |||
r-oldrel-windows-ix86+x86_64 | 1.0.3 | 60.00 | 570.00 | 630.00 | NOTE |
Version: 1.0.3
Check: LazyData
Result: NOTE
'LazyData' is specified without a 'data' directory
Flavors: r-devel-linux-x86_64-debian-clang, r-devel-linux-x86_64-debian-gcc, r-devel-linux-x86_64-fedora-clang, r-devel-linux-x86_64-fedora-gcc, r-devel-windows-x86_64, r-patched-linux-x86_64, r-release-linux-x86_64, r-release-macos-arm64, r-release-macos-x86_64, r-release-windows-x86_64, r-oldrel-macos-arm64, r-oldrel-macos-x86_64, r-oldrel-windows-ix86+x86_64