Last updated on 2022-08-15 08:50:06 CEST.
Flavor | Version | Tinstall | Tcheck | Ttotal | Status | Flags |
---|---|---|---|---|---|---|
r-devel-linux-x86_64-debian-clang | 2.0.0.49 | 1.48 | 21.23 | 22.71 | NOTE | |
r-devel-linux-x86_64-debian-gcc | 2.0.0.49 | 1.66 | 16.54 | 18.20 | NOTE | |
r-devel-linux-x86_64-fedora-clang | 2.0.0.49 | 39.29 | NOTE | |||
r-devel-linux-x86_64-fedora-gcc | 2.0.0.49 | 37.63 | NOTE | |||
r-devel-windows-x86_64 | 2.0.0.49 | 14.00 | 46.00 | 60.00 | NOTE | |
r-patched-linux-x86_64 | 2.0.0.49 | 1.93 | 20.34 | 22.27 | NOTE | |
r-release-linux-x86_64 | 2.0.0.49 | 1.84 | 20.79 | 22.63 | NOTE | |
r-release-macos-arm64 | 2.0.0.49 | 13.00 | NOTE | |||
r-release-macos-x86_64 | 2.0.0.49 | 20.00 | NOTE | |||
r-release-windows-x86_64 | 2.0.0.49 | 28.00 | 45.00 | 73.00 | NOTE | |
r-oldrel-macos-arm64 | 2.0.0.49 | 15.00 | NOTE | |||
r-oldrel-macos-x86_64 | 2.0.0.49 | 26.00 | NOTE | |||
r-oldrel-windows-ix86+x86_64 | 2.0.0.49 | 5.00 | 45.00 | 50.00 | NOTE |
Version: 2.0.0.49
Check: LazyData
Result: NOTE
'LazyData' is specified without a 'data' directory
Flavors: r-devel-linux-x86_64-debian-clang, r-devel-linux-x86_64-debian-gcc, r-devel-linux-x86_64-fedora-clang, r-devel-linux-x86_64-fedora-gcc, r-devel-windows-x86_64, r-patched-linux-x86_64, r-release-linux-x86_64, r-release-macos-arm64, r-release-macos-x86_64, r-release-windows-x86_64, r-oldrel-macos-arm64, r-oldrel-macos-x86_64, r-oldrel-windows-ix86+x86_64