Last updated on 2022-08-15 08:50:06 CEST.
Flavor | Version | Tinstall | Tcheck | Ttotal | Status | Flags |
---|---|---|---|---|---|---|
r-devel-linux-x86_64-debian-clang | 0.4.1 | 17.98 | 161.40 | 179.38 | OK | |
r-devel-linux-x86_64-debian-gcc | 0.4.1 | 15.37 | 120.14 | 135.51 | OK | |
r-devel-linux-x86_64-fedora-clang | 0.4.1 | 226.25 | NOTE | |||
r-devel-linux-x86_64-fedora-gcc | 0.4.1 | 221.23 | NOTE | |||
r-devel-windows-x86_64 | 0.4.1 | 51.00 | 179.00 | 230.00 | OK | |
r-patched-linux-x86_64 | 0.4.1 | 25.84 | 153.47 | 179.31 | OK | |
r-release-linux-x86_64 | 0.4.1 | 15.34 | 153.01 | 168.35 | OK | |
r-release-macos-arm64 | 0.4.1 | 58.00 | NOTE | |||
r-release-macos-x86_64 | 0.4.1 | 92.00 | NOTE | |||
r-release-windows-x86_64 | 0.4.1 | 43.00 | 176.00 | 219.00 | OK | |
r-oldrel-macos-arm64 | 0.4.1 | 87.00 | NOTE | |||
r-oldrel-macos-x86_64 | 0.4.1 | 79.00 | NOTE | |||
r-oldrel-windows-ix86+x86_64 | 0.4.1 | 43.00 | 178.00 | 221.00 | OK |
Version: 0.4.1
Check: dependencies in R code
Result: NOTE
Namespace in Imports field not imported from: ‘registr’
All declared Imports should be used.
Flavors: r-devel-linux-x86_64-fedora-clang, r-devel-linux-x86_64-fedora-gcc, r-release-macos-arm64, r-release-macos-x86_64, r-oldrel-macos-arm64, r-oldrel-macos-x86_64