Last updated on 2022-08-15 08:50:06 CEST.
Flavor | Version | Tinstall | Tcheck | Ttotal | Status | Flags |
---|---|---|---|---|---|---|
r-devel-linux-x86_64-debian-clang | 1.0.0 | 61.97 | 204.14 | 266.11 | OK | |
r-devel-linux-x86_64-debian-gcc | 1.0.0 | 44.98 | 141.40 | 186.38 | OK | |
r-devel-linux-x86_64-fedora-clang | 1.0.0 | 334.27 | NOTE | |||
r-devel-linux-x86_64-fedora-gcc | 1.0.0 | 318.15 | NOTE | |||
r-devel-windows-x86_64 | 1.0.0 | 55.00 | 238.00 | 293.00 | OK | |
r-patched-linux-x86_64 | 1.0.0 | 37.92 | 186.66 | 224.58 | OK | |
r-release-linux-x86_64 | 1.0.0 | 47.29 | 187.37 | 234.66 | OK | |
r-release-macos-arm64 | 1.0.0 | 83.00 | NOTE | |||
r-release-macos-x86_64 | 1.0.0 | 140.00 | NOTE | |||
r-release-windows-x86_64 | 1.0.0 | 63.00 | 236.00 | 299.00 | OK | |
r-oldrel-macos-arm64 | 1.0.0 | 112.00 | NOTE | |||
r-oldrel-macos-x86_64 | 1.0.0 | 117.00 | NOTE | |||
r-oldrel-windows-ix86+x86_64 | 1.0.0 | 152.00 | 354.00 | 506.00 | OK |
Version: 1.0.0
Check: dependencies in R code
Result: NOTE
Namespaces in Imports field not imported from:
‘ggplot2’ ‘gridExtra’
All declared Imports should be used.
Flavors: r-devel-linux-x86_64-fedora-clang, r-devel-linux-x86_64-fedora-gcc, r-release-macos-arm64, r-release-macos-x86_64, r-oldrel-macos-arm64, r-oldrel-macos-x86_64