Last updated on 2022-08-15 08:50:06 CEST.
Flavor | Version | Tinstall | Tcheck | Ttotal | Status | Flags |
---|---|---|---|---|---|---|
r-devel-linux-x86_64-debian-clang | 0.4.0 | 178.23 | 37.04 | 215.27 | OK | |
r-devel-linux-x86_64-debian-gcc | 0.4.0 | 141.34 | 28.77 | 170.11 | OK | |
r-devel-linux-x86_64-fedora-clang | 0.4.0 | 333.74 | OK | |||
r-devel-linux-x86_64-fedora-gcc | 0.4.0 | 286.65 | OK | |||
r-devel-windows-x86_64 | 0.4.0 | 127.00 | 94.00 | 221.00 | OK | |
r-patched-linux-x86_64 | 0.4.0 | 145.54 | 35.77 | 181.31 | OK | |
r-release-linux-x86_64 | 0.4.0 | 147.44 | 35.34 | 182.78 | OK | |
r-release-macos-arm64 | 0.4.0 | 69.00 | NOTE | |||
r-release-macos-x86_64 | 0.4.0 | 85.00 | NOTE | |||
r-release-windows-x86_64 | 0.4.0 | 130.00 | 87.00 | 217.00 | OK | |
r-oldrel-macos-arm64 | 0.4.0 | 71.00 | NOTE | |||
r-oldrel-macos-x86_64 | 0.4.0 | 117.00 | NOTE | |||
r-oldrel-windows-ix86+x86_64 | 0.4.0 | 449.00 | 95.00 | 544.00 | OK |
Version: 0.4.0
Check: installed package size
Result: NOTE
installed size is 6.5Mb
sub-directories of 1Mb or more:
data 1.6Mb
libs 4.8Mb
Flavors: r-release-macos-arm64, r-release-macos-x86_64, r-oldrel-macos-arm64, r-oldrel-macos-x86_64