Last updated on 2022-08-15 08:50:06 CEST.
Flavor | Version | Tinstall | Tcheck | Ttotal | Status | Flags |
---|---|---|---|---|---|---|
r-devel-linux-x86_64-debian-clang | 2.0.1 | 22.62 | 164.78 | 187.40 | OK | |
r-devel-linux-x86_64-debian-gcc | 2.0.1 | 20.86 | 119.76 | 140.62 | OK | |
r-devel-linux-x86_64-fedora-clang | 2.0.1 | 234.52 | NOTE | |||
r-devel-linux-x86_64-fedora-gcc | 2.0.1 | 225.40 | OK | |||
r-devel-windows-x86_64 | 2.0.1 | 100.00 | 182.00 | 282.00 | OK | |
r-patched-linux-x86_64 | 2.0.1 | 22.38 | 154.78 | 177.16 | OK | |
r-release-linux-x86_64 | 2.0.1 | 17.40 | 155.99 | 173.39 | OK | |
r-release-macos-arm64 | 2.0.1 | 57.00 | OK | |||
r-release-macos-x86_64 | 2.0.1 | 97.00 | OK | |||
r-release-windows-x86_64 | 2.0.1 | 115.00 | 174.00 | 289.00 | OK | |
r-oldrel-macos-arm64 | 2.0.1 | 65.00 | OK | |||
r-oldrel-macos-x86_64 | 2.0.1 | 82.00 | OK | |||
r-oldrel-windows-ix86+x86_64 | 2.0.1 | 50.00 | 176.00 | 226.00 | OK |
Version: 2.0.1
Check: Rd cross-references
Result: NOTE
Undeclared package ‘psych’ in Rd xrefs
Flavor: r-devel-linux-x86_64-fedora-clang