Last updated on 2022-08-15 08:50:06 CEST.
Flavor | Version | Tinstall | Tcheck | Ttotal | Status | Flags |
---|---|---|---|---|---|---|
r-devel-linux-x86_64-debian-clang | 1.8.0 | 91.53 | 96.09 | 187.62 | NOTE | |
r-devel-linux-x86_64-debian-gcc | 1.8.0 | 66.03 | 71.74 | 137.77 | NOTE | |
r-devel-linux-x86_64-fedora-clang | 1.8.0 | 250.41 | NOTE | |||
r-devel-linux-x86_64-fedora-gcc | 1.8.0 | 254.10 | NOTE | |||
r-devel-windows-x86_64 | 1.8.0 | 79.00 | 137.00 | 216.00 | NOTE | |
r-patched-linux-x86_64 | 1.8.0 | 73.16 | 92.57 | 165.73 | OK | |
r-release-linux-x86_64 | 1.8.0 | 69.99 | 92.11 | 162.10 | OK | |
r-release-macos-arm64 | 1.8.0 | 61.00 | OK | |||
r-release-macos-x86_64 | 1.8.0 | 80.00 | OK | |||
r-release-windows-x86_64 | 1.8.0 | 76.00 | 141.00 | 217.00 | OK | |
r-oldrel-macos-arm64 | 1.8.0 | 67.00 | OK | |||
r-oldrel-macos-x86_64 | 1.8.0 | 85.00 | OK | |||
r-oldrel-windows-ix86+x86_64 | 1.8.0 | 210.00 | 142.00 | 352.00 | OK |
Version: 1.8.0
Check: Rd files
Result: NOTE
checkRd: (-1) rcpp_grad_ram.Rd:5: Escaped LaTeX specials: \&
checkRd: (-1) rcpp_grad_ram.Rd:48: Escaped LaTeX specials: \&
Flavors: r-devel-linux-x86_64-debian-clang, r-devel-linux-x86_64-debian-gcc, r-devel-linux-x86_64-fedora-clang, r-devel-linux-x86_64-fedora-gcc, r-devel-windows-x86_64