Last updated on 2022-08-15 08:50:06 CEST.
Flavor | Version | Tinstall | Tcheck | Ttotal | Status | Flags |
---|---|---|---|---|---|---|
r-devel-linux-x86_64-debian-clang | 2.2-6 | 17.95 | 114.69 | 132.64 | NOTE | |
r-devel-linux-x86_64-debian-gcc | 2.2-6 | 14.62 | 84.58 | 99.20 | NOTE | |
r-devel-linux-x86_64-fedora-clang | 2.2-6 | 165.83 | NOTE | |||
r-devel-linux-x86_64-fedora-gcc | 2.2-6 | 160.80 | NOTE | |||
r-devel-windows-x86_64 | 2.2-6 | 29.00 | 127.00 | 156.00 | NOTE | |
r-patched-linux-x86_64 | 2.2-6 | 14.91 | 106.55 | 121.46 | OK | |
r-release-linux-x86_64 | 2.2-6 | 16.15 | 107.28 | 123.43 | OK | |
r-release-macos-arm64 | 2.2-6 | 43.00 | OK | |||
r-release-macos-x86_64 | 2.2-6 | 59.00 | OK | |||
r-release-windows-x86_64 | 2.2-6 | 41.00 | 124.00 | 165.00 | OK | |
r-oldrel-macos-arm64 | 2.2-6 | 51.00 | OK | |||
r-oldrel-macos-x86_64 | 2.2-6 | 57.00 | OK | |||
r-oldrel-windows-ix86+x86_64 | 2.2-6 | 33.00 | 126.00 | 159.00 | OK |
Version: 2.2-6
Check: Rd files
Result: NOTE
checkRd: (-1) calc.relimp.Rd:41: Escaped LaTeX specials: \~
checkRd: (-1) classesmethods.relaimpo.Rd:27: Escaped LaTeX specials: \$
checkRd: (-1) classesmethods.relaimpo.Rd:104: Escaped LaTeX specials: \$
checkRd: (-1) mianalyze.relimp.Rd:69: Escaped LaTeX specials: \~
checkRd: (-1) mianalyze.relimp.Rd:73: Escaped LaTeX specials: \~
checkRd: (-1) relimplm-class.Rd:63: Escaped LaTeX specials: \$
checkRd: (-1) relimplmbootMI-class.Rd:121: Escaped LaTeX specials: \$
checkRd: (-1) relimplmbooteval-class.Rd:146: Escaped LaTeX specials: \$
Flavors: r-devel-linux-x86_64-debian-clang, r-devel-linux-x86_64-debian-gcc, r-devel-linux-x86_64-fedora-clang, r-devel-linux-x86_64-fedora-gcc, r-devel-windows-x86_64