Last updated on 2022-08-15 08:50:06 CEST.
Flavor | Version | Tinstall | Tcheck | Ttotal | Status | Flags |
---|---|---|---|---|---|---|
r-devel-linux-x86_64-debian-clang | 0.1.1 | 3.54 | 53.73 | 57.27 | NOTE | |
r-devel-linux-x86_64-debian-gcc | 0.1.1 | 3.20 | 41.17 | 44.37 | NOTE | |
r-devel-linux-x86_64-fedora-clang | 0.1.1 | 78.88 | NOTE | |||
r-devel-linux-x86_64-fedora-gcc | 0.1.1 | 77.47 | NOTE | |||
r-devel-windows-x86_64 | 0.1.1 | 14.00 | 89.00 | 103.00 | NOTE | |
r-patched-linux-x86_64 | 0.1.1 | 3.19 | 51.96 | 55.15 | OK | |
r-release-linux-x86_64 | 0.1.1 | 3.53 | 51.33 | 54.86 | OK | |
r-release-macos-arm64 | 0.1.1 | 26.00 | OK | |||
r-release-macos-x86_64 | 0.1.1 | 39.00 | OK | |||
r-release-windows-x86_64 | 0.1.1 | 16.00 | 96.00 | 112.00 | OK | |
r-oldrel-macos-arm64 | 0.1.1 | 148.00 | OK | |||
r-oldrel-macos-x86_64 | 0.1.1 | 44.00 | OK | |||
r-oldrel-windows-ix86+x86_64 | 0.1.1 | 11.00 | 82.00 | 93.00 | OK |
Version: 0.1.1
Check: package subdirectories
Result: NOTE
Problems with news in 'NEWS.md':
No news entries found.
Flavors: r-devel-linux-x86_64-debian-clang, r-devel-linux-x86_64-debian-gcc, r-devel-linux-x86_64-fedora-clang, r-devel-linux-x86_64-fedora-gcc, r-devel-windows-x86_64