Last updated on 2022-08-15 08:50:06 CEST.
Flavor | Version | Tinstall | Tcheck | Ttotal | Status | Flags |
---|---|---|---|---|---|---|
r-devel-linux-x86_64-debian-clang | 1.0.1 | 5.32 | 52.00 | 57.32 | NOTE | |
r-devel-linux-x86_64-debian-gcc | 1.0.1 | 3.18 | 38.53 | 41.71 | NOTE | |
r-devel-linux-x86_64-fedora-clang | 1.0.1 | 78.61 | NOTE | |||
r-devel-linux-x86_64-fedora-gcc | 1.0.1 | 75.14 | NOTE | |||
r-devel-windows-x86_64 | 1.0.1 | 14.00 | 75.00 | 89.00 | NOTE | |
r-patched-linux-x86_64 | 1.0.1 | 4.09 | 47.96 | 52.05 | NOTE | |
r-release-linux-x86_64 | 1.0.1 | 4.49 | 48.14 | 52.63 | NOTE | |
r-release-macos-arm64 | 1.0.1 | 25.00 | NOTE | |||
r-release-macos-x86_64 | 1.0.1 | 43.00 | NOTE | |||
r-release-windows-x86_64 | 1.0.1 | 12.00 | 82.00 | 94.00 | NOTE | |
r-oldrel-macos-arm64 | 1.0.1 | 27.00 | NOTE | |||
r-oldrel-macos-x86_64 | 1.0.1 | 40.00 | NOTE | |||
r-oldrel-windows-ix86+x86_64 | 1.0.1 | 22.00 | 67.00 | 89.00 | NOTE |
Version: 1.0.1
Check: LazyData
Result: NOTE
'LazyData' is specified without a 'data' directory
Flavors: r-devel-linux-x86_64-debian-clang, r-devel-linux-x86_64-debian-gcc, r-devel-linux-x86_64-fedora-clang, r-devel-linux-x86_64-fedora-gcc, r-devel-windows-x86_64, r-patched-linux-x86_64, r-release-linux-x86_64, r-release-macos-arm64, r-release-macos-x86_64, r-release-windows-x86_64, r-oldrel-macos-arm64, r-oldrel-macos-x86_64, r-oldrel-windows-ix86+x86_64