Last updated on 2022-08-15 08:50:06 CEST.
Flavor | Version | Tinstall | Tcheck | Ttotal | Status | Flags |
---|---|---|---|---|---|---|
r-devel-linux-x86_64-debian-clang | 1.2.3 | 25.13 | 43.83 | 68.96 | OK | |
r-devel-linux-x86_64-debian-gcc | 1.2.3 | 18.37 | 34.44 | 52.81 | OK | |
r-devel-linux-x86_64-fedora-clang | 1.2.3 | 98.73 | OK | |||
r-devel-linux-x86_64-fedora-gcc | 1.2.3 | 94.19 | OK | |||
r-devel-windows-x86_64 | 1.2.3 | 28.00 | 88.00 | 116.00 | OK | |
r-patched-linux-x86_64 | 1.2.3 | 20.23 | 42.84 | 63.07 | OK | |
r-release-linux-x86_64 | 1.2.3 | 18.38 | 43.79 | 62.17 | OK | |
r-release-macos-arm64 | 1.2.3 | 25.00 | OK | |||
r-release-macos-x86_64 | 1.2.3 | 40.00 | OK | |||
r-release-windows-x86_64 | 1.2.3 | 32.00 | 89.00 | 121.00 | OK | |
r-oldrel-macos-arm64 | 1.2.3 | 34.00 | OK | |||
r-oldrel-macos-x86_64 | 1.2.3 | 55.00 | OK | |||
r-oldrel-windows-ix86+x86_64 | 1.2.3 | 57.00 | 96.00 | 153.00 | NOTE |
Version: 1.2.3
Check: installed package size
Result: NOTE
installed size is 5.4Mb
sub-directories of 1Mb or more:
data 2.4Mb
libs 2.1Mb
Flavor: r-oldrel-windows-ix86+x86_64