Last updated on 2022-08-15 08:50:06 CEST.
Flavor | Version | Tinstall | Tcheck | Ttotal | Status | Flags |
---|---|---|---|---|---|---|
r-devel-linux-x86_64-debian-clang | 1.1.4 | 4.91 | 51.21 | 56.12 | NOTE | |
r-devel-linux-x86_64-debian-gcc | 1.1.4 | 4.55 | 38.85 | 43.40 | NOTE | |
r-devel-linux-x86_64-fedora-clang | 1.1.4 | 78.21 | NOTE | |||
r-devel-linux-x86_64-fedora-gcc | 1.1.4 | 135.54 | NOTE | |||
r-devel-windows-x86_64 | 1.1.4 | 22.00 | 76.00 | 98.00 | NOTE | |
r-patched-linux-x86_64 | 1.1.4 | 5.02 | 48.49 | 53.51 | OK | |
r-release-linux-x86_64 | 1.1.4 | 5.93 | 49.65 | 55.58 | OK | |
r-release-macos-arm64 | 1.1.4 | 58.00 | OK | |||
r-release-macos-x86_64 | 1.1.4 | 123.00 | OK | |||
r-release-windows-x86_64 | 1.1.4 | 36.00 | 78.00 | 114.00 | OK | |
r-oldrel-macos-arm64 | 1.1.4 | 60.00 | OK | |||
r-oldrel-macos-x86_64 | 1.1.4 | 133.00 | OK | |||
r-oldrel-windows-ix86+x86_64 | 1.1.4 | 12.00 | 71.00 | 83.00 | OK |
Version: 1.1.4
Check: package subdirectories
Result: NOTE
Problems with news in 'NEWS.md':
No news entries found.
Flavors: r-devel-linux-x86_64-debian-clang, r-devel-linux-x86_64-debian-gcc, r-devel-linux-x86_64-fedora-clang, r-devel-linux-x86_64-fedora-gcc, r-devel-windows-x86_64
Version: 1.1.4
Check: Rd cross-references
Result: NOTE
Undeclared package ‘ggplot2’ in Rd xrefs
Flavor: r-devel-linux-x86_64-fedora-clang