Last updated on 2022-08-15 08:50:06 CEST.
Flavor | Version | Tinstall | Tcheck | Ttotal | Status | Flags |
---|---|---|---|---|---|---|
r-devel-linux-x86_64-debian-clang | 1.2.8 | 43.73 | 514.22 | 557.95 | NOTE | |
r-devel-linux-x86_64-debian-gcc | 1.2.8 | 37.37 | 386.01 | 423.38 | NOTE | |
r-devel-linux-x86_64-fedora-clang | 1.2.8 | 650.66 | NOTE | |||
r-devel-linux-x86_64-fedora-gcc | 1.2.8 | 699.70 | NOTE | |||
r-devel-windows-x86_64 | 1.2.8 | 77.00 | 538.00 | 615.00 | OK | |
r-patched-linux-x86_64 | 1.2.8 | 52.92 | 494.41 | 547.33 | NOTE | |
r-release-linux-x86_64 | 1.2.8 | 44.12 | 491.79 | 535.91 | NOTE | |
r-release-macos-arm64 | 1.2.8 | 173.00 | OK | |||
r-release-macos-x86_64 | 1.2.8 | 231.00 | OK | |||
r-release-windows-x86_64 | 1.2.8 | 208.00 | 524.00 | 732.00 | OK | |
r-oldrel-macos-arm64 | 1.2.8 | 112.00 | OK | |||
r-oldrel-macos-x86_64 | 1.2.8 | 161.00 | OK | |||
r-oldrel-windows-ix86+x86_64 | 1.2.8 | 95.00 | 538.00 | 633.00 | OK |
Version: 1.2.8
Check: package dependencies
Result: NOTE
Package suggested but not available for checking: 'gdalUtils'
Flavors: r-devel-linux-x86_64-debian-clang, r-devel-linux-x86_64-debian-gcc, r-devel-linux-x86_64-fedora-clang, r-devel-linux-x86_64-fedora-gcc, r-patched-linux-x86_64, r-release-linux-x86_64