Last updated on 2022-08-15 08:50:06 CEST.
Flavor | Version | Tinstall | Tcheck | Ttotal | Status | Flags |
---|---|---|---|---|---|---|
r-devel-linux-x86_64-debian-clang | 1.0.0 | 5.24 | 52.25 | 57.49 | OK | |
r-devel-linux-x86_64-debian-gcc | 1.0.0 | 3.41 | 38.57 | 41.98 | OK | |
r-devel-linux-x86_64-fedora-clang | 1.0.0 | 77.10 | NOTE | |||
r-devel-linux-x86_64-fedora-gcc | 1.0.0 | 75.60 | NOTE | |||
r-devel-windows-x86_64 | 1.0.0 | 22.00 | 76.00 | 98.00 | OK | |
r-patched-linux-x86_64 | 1.0.0 | 3.54 | 48.46 | 52.00 | OK | |
r-release-linux-x86_64 | 1.0.0 | 5.25 | 48.33 | 53.58 | OK | |
r-release-macos-arm64 | 1.0.0 | 24.00 | NOTE | |||
r-release-macos-x86_64 | 1.0.0 | 36.00 | NOTE | |||
r-release-windows-x86_64 | 1.0.0 | 33.00 | 76.00 | 109.00 | OK | |
r-oldrel-macos-arm64 | 1.0.0 | 27.00 | NOTE | |||
r-oldrel-macos-x86_64 | 1.0.0 | 40.00 | NOTE | |||
r-oldrel-windows-ix86+x86_64 | 1.0.0 | 11.00 | 71.00 | 82.00 | OK |
Version: 1.0.0
Check: data for non-ASCII characters
Result: NOTE
Note: found 25 marked UTF-8 strings
Flavors: r-devel-linux-x86_64-fedora-clang, r-devel-linux-x86_64-fedora-gcc, r-release-macos-arm64, r-release-macos-x86_64, r-oldrel-macos-arm64, r-oldrel-macos-x86_64