Last updated on 2022-08-15 08:50:06 CEST.
Flavor | Version | Tinstall | Tcheck | Ttotal | Status | Flags |
---|---|---|---|---|---|---|
r-devel-linux-x86_64-debian-clang | 1.0.1 | 25.40 | 407.09 | 432.49 | OK | |
r-devel-linux-x86_64-debian-gcc | 1.0.1 | 21.15 | 301.56 | 322.71 | OK | |
r-devel-linux-x86_64-fedora-clang | 1.0.1 | 523.89 | OK | |||
r-devel-linux-x86_64-fedora-gcc | 1.0.1 | 550.34 | OK | |||
r-devel-windows-x86_64 | 1.0.1 | 51.00 | 419.00 | 470.00 | OK | |
r-patched-linux-x86_64 | 1.0.1 | 27.99 | 403.62 | 431.61 | OK | |
r-release-linux-x86_64 | 1.0.1 | 23.51 | 404.10 | 427.61 | OK | |
r-release-macos-arm64 | 1.0.1 | 124.00 | OK | |||
r-release-macos-x86_64 | 1.0.1 | 177.00 | OK | |||
r-release-windows-x86_64 | 1.0.1 | 80.00 | 426.00 | 506.00 | OK | |
r-oldrel-macos-arm64 | 1.0.1 | 113.00 | OK | |||
r-oldrel-macos-x86_64 | 1.0.1 | 167.00 | OK | |||
r-oldrel-windows-ix86+x86_64 | 1.0.1 | 54.00 | 422.00 | 476.00 | ERROR |
Version: 1.0.1
Check: PDF version of manual
Result: WARN
LaTeX errors when creating PDF version.
This typically indicates Rd problems.
LaTeX errors found:
! Package inputenc Error: Unicode char â<c2><80><c2><91> (U+2011)
(inputenc) not set up for use with LaTeX.
See the inputenc package documentation for explanation.
Type H <return> for immediate help.
! Package inputenc Error: Unicode char â<c2><80><c2><91> (U+2011)
(inputenc) not set up for use with LaTeX.
See the inputenc package documentation for explanation.
Type H <return> for immediate help.
! Package inputenc Error: Unicode char â<c2><80><c2><91> (U+2011)
(inputenc) not set up for use with LaTeX.
See the inputenc package documentation for explanation.
Type H <return> for immediate help.
! Package inputenc Error: Unicode char â<c2><80><c2><91> (U+2011)
(inputenc) not set up for use with LaTeX.
See the inputenc package documentation for explanation.
Type H <return> for immediate help.
! Package inputenc Error: Unicode char â<c2><80><c2><91> (U+2011)
(inputenc) not set up for use with LaTeX.
See the inputenc package documentation for explanation.
Type H <return> for immediate help.
! Package inputenc Error: Unicode char â<c2><80><c2><91> (U+2011)
(inputenc) not set up for use with LaTeX.
See the inputenc package documentation for explanation.
Type H <return> for immediate help.
! Package inputenc Error: Unicode char â<c2><80><c2><91> (U+2011)
(inputenc) not set up for use with LaTeX.
See the inputenc package documentation for explanation.
Type H <return> for immediate help.
Flavor: r-oldrel-windows-ix86+x86_64
Version: 1.0.1
Check: PDF version of manual without hyperrefs or index
Result: ERROR
Flavor: r-oldrel-windows-ix86+x86_64