Last updated on 2022-08-15 08:50:06 CEST.
Flavor | Version | Tinstall | Tcheck | Ttotal | Status | Flags |
---|---|---|---|---|---|---|
r-devel-linux-x86_64-debian-clang | 0.2.3 | 88.01 | 60.93 | 148.94 | NOTE | |
r-devel-linux-x86_64-debian-gcc | 0.2.3 | 68.36 | 46.81 | 115.17 | NOTE | |
r-devel-linux-x86_64-fedora-clang | 0.2.3 | 190.68 | NOTE | |||
r-devel-linux-x86_64-fedora-gcc | 0.2.3 | 203.62 | NOTE | |||
r-devel-windows-x86_64 | 0.2.3 | 114.00 | 97.00 | 211.00 | NOTE | |
r-patched-linux-x86_64 | 0.2.3 | 73.04 | 59.66 | 132.70 | OK | |
r-release-linux-x86_64 | 0.2.3 | 72.70 | 59.99 | 132.69 | OK | |
r-release-macos-arm64 | 0.2.3 | 47.00 | NOTE | |||
r-release-macos-x86_64 | 0.2.3 | 69.00 | NOTE | |||
r-release-windows-x86_64 | 0.2.3 | 122.00 | 100.00 | 222.00 | NOTE | |
r-oldrel-macos-arm64 | 0.2.3 | 51.00 | NOTE | |||
r-oldrel-macos-x86_64 | 0.2.3 | 69.00 | NOTE | |||
r-oldrel-windows-ix86+x86_64 | 0.2.3 | 173.00 | 92.00 | 265.00 | NOTE |
Version: 0.2.3
Check: package subdirectories
Result: NOTE
Problems with news in 'NEWS.md':
No news entries found.
Flavors: r-devel-linux-x86_64-debian-clang, r-devel-linux-x86_64-debian-gcc, r-devel-linux-x86_64-fedora-clang, r-devel-linux-x86_64-fedora-gcc, r-devel-windows-x86_64
Version: 0.2.3
Check: installed package size
Result: NOTE
installed size is 5.2Mb
sub-directories of 1Mb or more:
include 1.9Mb
libs 1.6Mb
models 1.6Mb
Flavors: r-devel-windows-x86_64, r-release-macos-arm64, r-release-macos-x86_64, r-release-windows-x86_64, r-oldrel-macos-arm64, r-oldrel-macos-x86_64, r-oldrel-windows-ix86+x86_64