Last updated on 2022-08-15 08:50:06 CEST.
Flavor | Version | Tinstall | Tcheck | Ttotal | Status | Flags |
---|---|---|---|---|---|---|
r-devel-linux-x86_64-debian-clang | 1.0.4 | 1.78 | 23.19 | 24.97 | OK | |
r-devel-linux-x86_64-debian-gcc | 1.0.4 | 1.57 | 18.38 | 19.95 | OK | |
r-devel-linux-x86_64-fedora-clang | 1.0.4 | 41.44 | NOTE | |||
r-devel-linux-x86_64-fedora-gcc | 1.0.4 | 40.64 | OK | |||
r-devel-windows-x86_64 | 1.0.4 | 8.00 | 48.00 | 56.00 | OK | |
r-patched-linux-x86_64 | 1.0.4 | 2.10 | 22.80 | 24.90 | OK | |
r-release-linux-x86_64 | 1.0.4 | 1.95 | 22.65 | 24.60 | OK | |
r-release-macos-arm64 | 1.0.4 | 14.00 | OK | |||
r-release-macos-x86_64 | 1.0.4 | 22.00 | OK | |||
r-release-windows-x86_64 | 1.0.4 | 13.00 | 46.00 | 59.00 | OK | |
r-oldrel-macos-arm64 | 1.0.4 | 14.00 | OK | |||
r-oldrel-macos-x86_64 | 1.0.4 | 20.00 | OK | |||
r-oldrel-windows-ix86+x86_64 | 1.0.4 | 6.00 | 40.00 | 46.00 | OK |
Version: 1.0.4
Check: Rd cross-references
Result: NOTE
Undeclared package ‘robustbase’ in Rd xrefs
Flavor: r-devel-linux-x86_64-fedora-clang