Last updated on 2022-08-15 08:50:06 CEST.
Flavor | Version | Tinstall | Tcheck | Ttotal | Status | Flags |
---|---|---|---|---|---|---|
r-devel-linux-x86_64-debian-clang | 2.1-5 | 5.68 | 49.66 | 55.34 | NOTE | |
r-devel-linux-x86_64-debian-gcc | 2.1-5 | 4.15 | 37.86 | 42.01 | NOTE | |
r-devel-linux-x86_64-fedora-clang | 2.1-5 | 77.85 | NOTE | |||
r-devel-linux-x86_64-fedora-gcc | 2.1-5 | 73.54 | NOTE | |||
r-devel-windows-x86_64 | 2.1-5 | 44.00 | 75.00 | 119.00 | NOTE | |
r-patched-linux-x86_64 | 2.1-5 | 6.88 | 47.08 | 53.96 | NOTE | |
r-release-linux-x86_64 | 2.1-5 | 4.65 | 47.32 | 51.97 | NOTE | |
r-release-macos-arm64 | 2.1-5 | 23.00 | NOTE | |||
r-release-macos-x86_64 | 2.1-5 | 33.00 | NOTE | |||
r-release-windows-x86_64 | 2.1-5 | 27.00 | 71.00 | 98.00 | NOTE | |
r-oldrel-macos-arm64 | 2.1-5 | 25.00 | NOTE | |||
r-oldrel-macos-x86_64 | 2.1-5 | 49.00 | NOTE | |||
r-oldrel-windows-ix86+x86_64 | 2.1-5 | 10.00 | 71.00 | 81.00 | NOTE |
Version: 2.1-5
Check: LazyData
Result: NOTE
'LazyData' is specified without a 'data' directory
Flavors: r-devel-linux-x86_64-debian-clang, r-devel-linux-x86_64-debian-gcc, r-devel-linux-x86_64-fedora-clang, r-devel-linux-x86_64-fedora-gcc, r-devel-windows-x86_64, r-patched-linux-x86_64, r-release-linux-x86_64, r-release-macos-arm64, r-release-macos-x86_64, r-release-windows-x86_64, r-oldrel-macos-arm64, r-oldrel-macos-x86_64, r-oldrel-windows-ix86+x86_64