Last updated on 2022-08-15 08:50:06 CEST.
Flavor | Version | Tinstall | Tcheck | Ttotal | Status | Flags |
---|---|---|---|---|---|---|
r-devel-linux-x86_64-debian-clang | 1.0.3 | 12.87 | 155.74 | 168.61 | OK | |
r-devel-linux-x86_64-debian-gcc | 1.0.3 | 10.48 | 115.09 | 125.57 | OK | |
r-devel-linux-x86_64-fedora-clang | 1.0.3 | 205.69 | NOTE | |||
r-devel-linux-x86_64-fedora-gcc | 1.0.3 | 201.57 | NOTE | |||
r-devel-windows-x86_64 | 1.0.3 | 32.00 | 175.00 | 207.00 | OK | |
r-patched-linux-x86_64 | 1.0.3 | 12.63 | 141.85 | 154.48 | OK | |
r-release-linux-x86_64 | 1.0.3 | 12.10 | 145.70 | 157.80 | OK | |
r-release-macos-arm64 | 1.0.3 | 48.00 | NOTE | |||
r-release-macos-x86_64 | 1.0.3 | 77.00 | NOTE | |||
r-release-windows-x86_64 | 1.0.3 | 25.00 | 183.00 | 208.00 | OK | |
r-oldrel-macos-arm64 | 1.0.3 | 50.00 | NOTE | |||
r-oldrel-macos-x86_64 | 1.0.3 | 72.00 | NOTE | |||
r-oldrel-windows-ix86+x86_64 | 1.0.3 | 29.00 | 172.00 | 201.00 | OK |
Version: 1.0.3
Check: dependencies in R code
Result: NOTE
Namespace in Imports field not imported from: ‘titanic’
All declared Imports should be used.
Flavors: r-devel-linux-x86_64-fedora-clang, r-devel-linux-x86_64-fedora-gcc, r-release-macos-arm64, r-release-macos-x86_64, r-oldrel-macos-arm64, r-oldrel-macos-x86_64