Last updated on 2022-08-15 08:50:06 CEST.
Flavor | Version | Tinstall | Tcheck | Ttotal | Status | Flags |
---|---|---|---|---|---|---|
r-devel-linux-x86_64-debian-clang | 0.2.0 | 5.36 | 57.80 | 63.16 | NOTE | |
r-devel-linux-x86_64-debian-gcc | 0.2.0 | 3.94 | 43.32 | 47.26 | NOTE | |
r-devel-linux-x86_64-fedora-clang | 0.2.0 | 85.97 | NOTE | |||
r-devel-linux-x86_64-fedora-gcc | 0.2.0 | 89.49 | NOTE | |||
r-devel-windows-x86_64 | 0.2.0 | 26.00 | 90.00 | 116.00 | OK | |
r-patched-linux-x86_64 | 0.2.0 | 6.97 | 55.06 | 62.03 | OK | |
r-release-linux-x86_64 | 0.2.0 | 5.72 | 54.21 | 59.93 | OK | |
r-release-macos-arm64 | 0.2.0 | 26.00 | OK | |||
r-release-macos-x86_64 | 0.2.0 | 39.00 | OK | |||
r-release-windows-x86_64 | 0.2.0 | 35.00 | 91.00 | 126.00 | OK | |
r-oldrel-macos-arm64 | 0.2.0 | 24.00 | OK | |||
r-oldrel-macos-x86_64 | 0.2.0 | 38.00 | OK | |||
r-oldrel-windows-ix86+x86_64 | 0.2.0 | 12.00 | 78.00 | 90.00 | OK |
Version: 0.2.0
Check: HTML version of manual
Result: NOTE
Found the following HTML validation problems:
read_facts.html:70:56: Warning: inserting implicit <p>
read_facts.html:79:63: Warning: inserting implicit <p>
read_facts.html:70:56: Warning: trimming empty <p>
read_facts.html:79:63: Warning: trimming empty <p>
write_facts.html:90:56: Warning: inserting implicit <p>
write_facts.html:100:62: Warning: inserting implicit <p>
write_facts.html:90:56: Warning: trimming empty <p>
write_facts.html:100:62: Warning: trimming empty <p>
Flavors: r-devel-linux-x86_64-debian-clang, r-devel-linux-x86_64-debian-gcc, r-devel-linux-x86_64-fedora-clang, r-devel-linux-x86_64-fedora-gcc